{"id":198,"date":"2022-06-12T21:44:11","date_gmt":"2022-06-13T02:44:11","guid":{"rendered":"http:\/\/proviron.com.mx\/?post_type=product&#038;p=198"},"modified":"2025-05-09T22:15:29","modified_gmt":"2025-05-10T04:15:29","slug":"06-mutant-madness-30-serv","status":"publish","type":"product","link":"https:\/\/proviron.com.mx\/index.php\/producto\/06-mutant-madness-30-serv\/","title":{"rendered":"MUTANT MADNESS 30 SERV"},"content":{"rendered":"","protected":false},"excerpt":{"rendered":"<p>Combustible concentrado antes del entrenamiento.<br \/>\nM\u00e1xima resistencia.<br \/>\nEnerg\u00eda loca.<br \/>\nPotencia explosiva.<br \/>\nAumentar el enfoque mental.<br \/>\nApoyar la producci\u00f3n de \u00f3xido n\u00edtrico. \u00a1Sabor adictivo!<br \/>\nMadness de Mutant es un producto pre-entrenamiento estimulante dise- \u00f1ado para proporcionarte el combus- tible que tu cuerpo necesita para afrontar tus entrenamientos con mayor energ\u00eda.<br \/>\nContiene una \u00f3ptima combinaci\u00f3n de ingredientes en tres f\u00f3rmulas espec\u00edfi- cas, ayuda aumentar la fuerza y resis- tencia f\u00edsica, favorece la vasodilataci\u00f3n y mejoran los niveles de energ\u00eda y la concentraci\u00f3n mental. Con Madness podr\u00e1s sacar el m\u00e1ximo provecho a tus entrenamientos.!<\/p>\n","protected":false},"featured_media":2521,"comment_status":"open","ping_status":"closed","template":"","meta":{"_joinchat":[]},"product_brand":[],"product_cat":[78],"product_tag":[],"class_list":{"0":"post-198","1":"product","2":"type-product","3":"status-publish","4":"has-post-thumbnail","6":"product_cat-pre-entreno","8":"first","9":"instock","10":"shipping-taxable","11":"purchasable","12":"product-type-simple"},"_links":{"self":[{"href":"https:\/\/proviron.com.mx\/index.php\/wp-json\/wp\/v2\/product\/198","targetHints":{"allow":["GET"]}}],"collection":[{"href":"https:\/\/proviron.com.mx\/index.php\/wp-json\/wp\/v2\/product"}],"about":[{"href":"https:\/\/proviron.com.mx\/index.php\/wp-json\/wp\/v2\/types\/product"}],"replies":[{"embeddable":true,"href":"https:\/\/proviron.com.mx\/index.php\/wp-json\/wp\/v2\/comments?post=198"}],"wp:featuredmedia":[{"embeddable":true,"href":"https:\/\/proviron.com.mx\/index.php\/wp-json\/wp\/v2\/media\/2521"}],"wp:attachment":[{"href":"https:\/\/proviron.com.mx\/index.php\/wp-json\/wp\/v2\/media?parent=198"}],"wp:term":[{"taxonomy":"product_brand","embeddable":true,"href":"https:\/\/proviron.com.mx\/index.php\/wp-json\/wp\/v2\/product_brand?post=198"},{"taxonomy":"product_cat","embeddable":true,"href":"https:\/\/proviron.com.mx\/index.php\/wp-json\/wp\/v2\/product_cat?post=198"},{"taxonomy":"product_tag","embeddable":true,"href":"https:\/\/proviron.com.mx\/index.php\/wp-json\/wp\/v2\/product_tag?post=198"}],"curies":[{"name":"wp","href":"https:\/\/api.w.org\/{rel}","templated":true}]}}