{"id":222,"date":"2022-06-12T21:44:13","date_gmt":"2022-06-13T02:44:13","guid":{"rendered":"http:\/\/proviron.com.mx\/?post_type=product&#038;p=222"},"modified":"2025-05-09T22:15:53","modified_gmt":"2025-05-10T04:15:53","slug":"43-nutrex-warrior-series-alpha-pum-phantom-20-serv","status":"publish","type":"product","link":"https:\/\/proviron.com.mx\/index.php\/producto\/43-nutrex-warrior-series-alpha-pum-phantom-20-serv\/","title":{"rendered":"NUTREX WARRIOR SERIES ALPHA PUM PHANTOM 20 SERV"},"content":{"rendered":"","protected":false},"excerpt":{"rendered":"<p>ALPHA PUMP es el mejor refuerzo de la bomba, la vascularizaci\u00f3n y la resis- tencia que los atletas serios han estado pidiendo. \u00a1Esta no es su f\u00f3rmu- la com\u00fan de bomba y \u00f3xido n\u00edtrico!<br \/>\nALPHA PUMP Ayuda a engrosar dra- m\u00e1ticamente sus m\u00fasculos con sangre, ox\u00edgeno y nutrientes adiciona- les para darle ese aspecto completo y vascular. Tambi\u00e9n ayuda a aumentar la resistencia para que puedas hacer a\u00fan m\u00e1s repeticiones y entrenar m\u00e1s tiempo.<br \/>\nBOMBA ALFA no se detiene all\u00ed. Agre- gamos un poderoso nootr\u00f3pico libre de estimulantes para un mayor enfo- que mental para que pueda hacer estallar sus m\u00fasculos con una concen- traci\u00f3n similar al l\u00e1ser.<br \/>\nD\u00e9jate llevar al m\u00e1ximo y comienza a caminar con vientres musculares m\u00e1s grandes, m\u00e1s completos y de aspecto m\u00e1s redondo cubiertos de venas que aparecen en todas partes.<\/p>\n","protected":false},"featured_media":2556,"comment_status":"open","ping_status":"closed","template":"","meta":{"_joinchat":[]},"product_brand":[],"product_cat":[78],"product_tag":[56,27,58,28,59,60,34,23325,61,62,63,54],"class_list":{"0":"post-222","1":"product","2":"type-product","3":"status-publish","4":"has-post-thumbnail","6":"product_cat-pre-entreno","7":"product_tag-bpi","8":"product_tag-gph-nutrition","9":"product_tag-gph-pharmaceuticals","10":"product_tag-insane","11":"product_tag-mexico","12":"product_tag-musclemeds","13":"product_tag-nutrex","14":"product_tag-nutrex-warrior-series-alpha-pum-phantom-20-serv","15":"product_tag-proteina","16":"product_tag-suplementos-guadalajara","17":"product_tag-venta","18":"product_tag-vidafitstore","20":"first","21":"outofstock","22":"shipping-taxable","23":"purchasable","24":"product-type-simple"},"_links":{"self":[{"href":"https:\/\/proviron.com.mx\/index.php\/wp-json\/wp\/v2\/product\/222","targetHints":{"allow":["GET"]}}],"collection":[{"href":"https:\/\/proviron.com.mx\/index.php\/wp-json\/wp\/v2\/product"}],"about":[{"href":"https:\/\/proviron.com.mx\/index.php\/wp-json\/wp\/v2\/types\/product"}],"replies":[{"embeddable":true,"href":"https:\/\/proviron.com.mx\/index.php\/wp-json\/wp\/v2\/comments?post=222"}],"wp:featuredmedia":[{"embeddable":true,"href":"https:\/\/proviron.com.mx\/index.php\/wp-json\/wp\/v2\/media\/2556"}],"wp:attachment":[{"href":"https:\/\/proviron.com.mx\/index.php\/wp-json\/wp\/v2\/media?parent=222"}],"wp:term":[{"taxonomy":"product_brand","embeddable":true,"href":"https:\/\/proviron.com.mx\/index.php\/wp-json\/wp\/v2\/product_brand?post=222"},{"taxonomy":"product_cat","embeddable":true,"href":"https:\/\/proviron.com.mx\/index.php\/wp-json\/wp\/v2\/product_cat?post=222"},{"taxonomy":"product_tag","embeddable":true,"href":"https:\/\/proviron.com.mx\/index.php\/wp-json\/wp\/v2\/product_tag?post=222"}],"curies":[{"name":"wp","href":"https:\/\/api.w.org\/{rel}","templated":true}]}}