{"id":226,"date":"2022-06-12T21:44:15","date_gmt":"2022-06-13T02:44:15","guid":{"rendered":"http:\/\/proviron.com.mx\/?post_type=product&#038;p=226"},"modified":"2025-05-09T22:15:58","modified_gmt":"2025-05-10T04:15:58","slug":"01-muscle-tech-alpha-test-120-caps","status":"publish","type":"product","link":"https:\/\/proviron.com.mx\/index.php\/producto\/01-muscle-tech-alpha-test-120-caps\/","title":{"rendered":"MUSCLE TECH ALPHA TEST 120 CAPS"},"content":{"rendered":"","protected":false},"excerpt":{"rendered":"<p>De la compa\u00f1\u00eda de suplementos de venta n.o 1 de Estados Unidos Fuerza maxima<br \/>\nPotenciador de testosterona Suministro para 30 d\u00edas Suplemento diet\u00e9tico<br \/>\nAumente la testosterona en 7 d\u00edas1 Aumentar el rendimiento muscular 2 300 mg de extracto de fenogreco 100 mg de extracto de Shilajit<br \/>\n100 mg de citrato de boro<br \/>\nF\u00f3rmula potenciadora de testosterona Max Strength<br \/>\nDise\u00f1ado para entusiastas serios del ejercicio f\u00edsico y atletas de rendimien- to enfocados en maximizar la fuerza y los resultados, AlphaTest\u00ae respalda la producci\u00f3n de testosterona y ayuda a mantener una proporci\u00f3n m\u00e1xima de testosterona a cortisol. Cuando el rendimiento importa, rechace aceptar el statu quo y obtenga una ventaja adicional con el poder de AlphaTest\u00ae.<\/p>\n","protected":false},"featured_media":2561,"comment_status":"open","ping_status":"closed","template":"","meta":{"_joinchat":[]},"product_brand":[],"product_cat":[96],"product_tag":[56,27,58,28,59,23327,60,34,61,62,63,54],"class_list":{"0":"post-226","1":"product","2":"type-product","3":"status-publish","4":"has-post-thumbnail","6":"product_cat-precursores","7":"product_tag-bpi","8":"product_tag-gph-nutrition","9":"product_tag-gph-pharmaceuticals","10":"product_tag-insane","11":"product_tag-mexico","12":"product_tag-muscle-tech-alpha-test-120-caps","13":"product_tag-musclemeds","14":"product_tag-nutrex","15":"product_tag-proteina","16":"product_tag-suplementos-guadalajara","17":"product_tag-venta","18":"product_tag-vidafitstore","20":"first","21":"outofstock","22":"shipping-taxable","23":"purchasable","24":"product-type-simple"},"_links":{"self":[{"href":"https:\/\/proviron.com.mx\/index.php\/wp-json\/wp\/v2\/product\/226","targetHints":{"allow":["GET"]}}],"collection":[{"href":"https:\/\/proviron.com.mx\/index.php\/wp-json\/wp\/v2\/product"}],"about":[{"href":"https:\/\/proviron.com.mx\/index.php\/wp-json\/wp\/v2\/types\/product"}],"replies":[{"embeddable":true,"href":"https:\/\/proviron.com.mx\/index.php\/wp-json\/wp\/v2\/comments?post=226"}],"wp:featuredmedia":[{"embeddable":true,"href":"https:\/\/proviron.com.mx\/index.php\/wp-json\/wp\/v2\/media\/2561"}],"wp:attachment":[{"href":"https:\/\/proviron.com.mx\/index.php\/wp-json\/wp\/v2\/media?parent=226"}],"wp:term":[{"taxonomy":"product_brand","embeddable":true,"href":"https:\/\/proviron.com.mx\/index.php\/wp-json\/wp\/v2\/product_brand?post=226"},{"taxonomy":"product_cat","embeddable":true,"href":"https:\/\/proviron.com.mx\/index.php\/wp-json\/wp\/v2\/product_cat?post=226"},{"taxonomy":"product_tag","embeddable":true,"href":"https:\/\/proviron.com.mx\/index.php\/wp-json\/wp\/v2\/product_tag?post=226"}],"curies":[{"name":"wp","href":"https:\/\/api.w.org\/{rel}","templated":true}]}}