{"id":242,"date":"2022-06-12T21:44:17","date_gmt":"2022-06-13T02:44:17","guid":{"rendered":"http:\/\/proviron.com.mx\/?post_type=product&#038;p=242"},"modified":"2025-05-09T22:16:15","modified_gmt":"2025-05-10T04:16:15","slug":"40-nutrex-tribulus-black-1300-120-ct","status":"publish","type":"product","link":"https:\/\/proviron.com.mx\/index.php\/producto\/40-nutrex-tribulus-black-1300-120-ct\/","title":{"rendered":"NUTREX TRIBULUS BLACK 1300 120 CT"},"content":{"rendered":"","protected":false},"excerpt":{"rendered":"<p>Serie negra<br \/>\nM\u00e1xima concentraci\u00f3n<br \/>\nSuplemento alimentario.<br \/>\nRefuerzo natural de la testosterona Ayuda a mejorar el rendimiento mas- culino<br \/>\nRenueva la vitalidad y la energ\u00eda &amp; Aguante<br \/>\nAyuda a reforzar los m\u00fasculos &amp; Fuerza<br \/>\nTribulus Black 1300 utiliza un potente extracto de 1300 mg de Tribulus terrestris por porci\u00f3n para ayudar a mantener y fortalecer los niveles salu- dables de testosterona. Es una gran opci\u00f3n natural para el hombre activo para ayudar con la vitalidad, la recupe- raci\u00f3n muscular y la fuerza.<\/p>\n","protected":false},"featured_media":2585,"comment_status":"open","ping_status":"closed","template":"","meta":{"_joinchat":[]},"product_brand":[],"product_cat":[96],"product_tag":[56,27,58,28,59,60,34,23337,61,62,63,54],"class_list":{"0":"post-242","1":"product","2":"type-product","3":"status-publish","4":"has-post-thumbnail","6":"product_cat-precursores","7":"product_tag-bpi","8":"product_tag-gph-nutrition","9":"product_tag-gph-pharmaceuticals","10":"product_tag-insane","11":"product_tag-mexico","12":"product_tag-musclemeds","13":"product_tag-nutrex","14":"product_tag-nutrex-tribulus-black-1300-120-ct","15":"product_tag-proteina","16":"product_tag-suplementos-guadalajara","17":"product_tag-venta","18":"product_tag-vidafitstore","20":"first","21":"outofstock","22":"shipping-taxable","23":"purchasable","24":"product-type-simple"},"_links":{"self":[{"href":"https:\/\/proviron.com.mx\/index.php\/wp-json\/wp\/v2\/product\/242","targetHints":{"allow":["GET"]}}],"collection":[{"href":"https:\/\/proviron.com.mx\/index.php\/wp-json\/wp\/v2\/product"}],"about":[{"href":"https:\/\/proviron.com.mx\/index.php\/wp-json\/wp\/v2\/types\/product"}],"replies":[{"embeddable":true,"href":"https:\/\/proviron.com.mx\/index.php\/wp-json\/wp\/v2\/comments?post=242"}],"wp:featuredmedia":[{"embeddable":true,"href":"https:\/\/proviron.com.mx\/index.php\/wp-json\/wp\/v2\/media\/2585"}],"wp:attachment":[{"href":"https:\/\/proviron.com.mx\/index.php\/wp-json\/wp\/v2\/media?parent=242"}],"wp:term":[{"taxonomy":"product_brand","embeddable":true,"href":"https:\/\/proviron.com.mx\/index.php\/wp-json\/wp\/v2\/product_brand?post=242"},{"taxonomy":"product_cat","embeddable":true,"href":"https:\/\/proviron.com.mx\/index.php\/wp-json\/wp\/v2\/product_cat?post=242"},{"taxonomy":"product_tag","embeddable":true,"href":"https:\/\/proviron.com.mx\/index.php\/wp-json\/wp\/v2\/product_tag?post=242"}],"curies":[{"name":"wp","href":"https:\/\/api.w.org\/{rel}","templated":true}]}}