{"id":246,"date":"2022-06-12T21:44:17","date_gmt":"2022-06-13T02:44:17","guid":{"rendered":"http:\/\/proviron.com.mx\/?post_type=product&#038;p=246"},"modified":"2025-05-09T22:16:21","modified_gmt":"2025-05-10T04:16:21","slug":"46-nutrex-warrior-series-anabol-hardcore-pm-60-ct","status":"publish","type":"product","link":"https:\/\/proviron.com.mx\/index.php\/producto\/46-nutrex-warrior-series-anabol-hardcore-pm-60-ct\/","title":{"rendered":"NUTREX WARRIOR SERIES ANABOL HARDCORE PM 60 CT"},"content":{"rendered":"","protected":false},"excerpt":{"rendered":"<p>Este compuesto dual patentado en ABOL PM funciona a trav\u00e9s de la acti- vaci\u00f3n de mTOR, que es el regulador clave de la masa muscular esquel\u00e9tica. La activaci\u00f3n de mTOR crea un entor- no anab\u00f3lico donde la s\u00edntesis de prote\u00ednas y el crecimiento de las c\u00e9lu- las musculares pueden ocurrir a un ritmo m\u00e1s r\u00e1pido. \u00a1Pero eso no es todo! Las mejoras en la fuerza, la resis- tencia y la producci\u00f3n de \u00f3xido n\u00edtrico (\u00a1mejores bombas!) vienen con \u00e9l<\/p>\n","protected":false},"featured_media":2591,"comment_status":"open","ping_status":"closed","template":"","meta":{"_joinchat":[]},"product_brand":[],"product_cat":[96],"product_tag":[56,27,58,28,59,60,34,23339,61,62,63,54],"class_list":{"0":"post-246","1":"product","2":"type-product","3":"status-publish","4":"has-post-thumbnail","6":"product_cat-precursores","7":"product_tag-bpi","8":"product_tag-gph-nutrition","9":"product_tag-gph-pharmaceuticals","10":"product_tag-insane","11":"product_tag-mexico","12":"product_tag-musclemeds","13":"product_tag-nutrex","14":"product_tag-nutrex-warrior-series-anabol-hardcore-pm-60-ct","15":"product_tag-proteina","16":"product_tag-suplementos-guadalajara","17":"product_tag-venta","18":"product_tag-vidafitstore","20":"first","21":"outofstock","22":"shipping-taxable","23":"purchasable","24":"product-type-simple"},"_links":{"self":[{"href":"https:\/\/proviron.com.mx\/index.php\/wp-json\/wp\/v2\/product\/246","targetHints":{"allow":["GET"]}}],"collection":[{"href":"https:\/\/proviron.com.mx\/index.php\/wp-json\/wp\/v2\/product"}],"about":[{"href":"https:\/\/proviron.com.mx\/index.php\/wp-json\/wp\/v2\/types\/product"}],"replies":[{"embeddable":true,"href":"https:\/\/proviron.com.mx\/index.php\/wp-json\/wp\/v2\/comments?post=246"}],"wp:featuredmedia":[{"embeddable":true,"href":"https:\/\/proviron.com.mx\/index.php\/wp-json\/wp\/v2\/media\/2591"}],"wp:attachment":[{"href":"https:\/\/proviron.com.mx\/index.php\/wp-json\/wp\/v2\/media?parent=246"}],"wp:term":[{"taxonomy":"product_brand","embeddable":true,"href":"https:\/\/proviron.com.mx\/index.php\/wp-json\/wp\/v2\/product_brand?post=246"},{"taxonomy":"product_cat","embeddable":true,"href":"https:\/\/proviron.com.mx\/index.php\/wp-json\/wp\/v2\/product_cat?post=246"},{"taxonomy":"product_tag","embeddable":true,"href":"https:\/\/proviron.com.mx\/index.php\/wp-json\/wp\/v2\/product_tag?post=246"}],"curies":[{"name":"wp","href":"https:\/\/api.w.org\/{rel}","templated":true}]}}