{"id":2487,"date":"2022-06-12T21:44:04","date_gmt":"2022-06-13T02:44:04","guid":{"rendered":"http:\/\/proviron.com.mx\/?post_type=product&#038;p=2487"},"modified":"2025-05-09T22:15:06","modified_gmt":"2025-05-10T04:15:06","slug":"nutrex-lipo-6-cla-90-softgels-2","status":"publish","type":"product","link":"https:\/\/proviron.com.mx\/index.php\/producto\/nutrex-lipo-6-cla-90-softgels-2\/","title":{"rendered":"NUTREX LIPO 6 CLA 90 SOFTGELS"},"content":{"rendered":"","protected":false},"excerpt":{"rendered":"<p>CLA (\u00c1cido linol\u00e9ico conjugado).<br \/>\nLIPO 6 CLA es el producto perfecto para acompa\u00f1ar a los procesos de p\u00e9rdida de peso y definici\u00f3n ya que por una parte contribuye a mantener el metabolismo activo y favorecer al p\u00e9rdida de peso, mientras que a su vez contribuye a mantener la masa muscular. Su principio activo es \u00e1cido linol\u00e9ico conjgado (CLA) altamente concentrado procedente del aceite de c\u00e1rtamo.<br \/>\nLipo 6 CLA. Caracter\u00edsticas principales:<br \/>\n1.000 mg de CLA Active Blend por c\u00e1psula.<br \/>\nAlta concentraci\u00f3n de is\u00f3meros acti- vos.<br \/>\nLibre de estimulantes.<br \/>\nC\u00e1psulas de gel f\u00e1ciles de tragar y de r\u00e1pida absorci\u00f3n.<br \/>\n90 c\u00e1psulas por envase.<\/p>\n","protected":false},"featured_media":2457,"comment_status":"open","ping_status":"closed","template":"","meta":{"_joinchat":[]},"product_brand":[],"product_cat":[21],"product_tag":[22,23,24,25,26,27,28,29,30,31,32,33,34,35,36,37,38,39,40,41,42,43,44,45,46,47,48,49,50,51,52,53,54],"class_list":{"0":"post-2487","1":"product","2":"type-product","3":"status-publish","4":"has-post-thumbnail","6":"product_cat-cla","7":"product_tag-cla-bpi-zapopan","8":"product_tag-cloma-pharma","9":"product_tag-dymatize","10":"product_tag-en-guadalajara","11":"product_tag-finaflex","12":"product_tag-gph-nutrition","13":"product_tag-insane","14":"product_tag-lipo6","15":"product_tag-muscle-meds","16":"product_tag-mutant","17":"product_tag-naturest-best","18":"product_tag-nitrotech","19":"product_tag-nutrex","20":"product_tag-nutrex-lipo-6-cla-90-softgels","21":"product_tag-on","22":"product_tag-optimun-nutrition","23":"product_tag-ronnie-coleman","24":"product_tag-universal","25":"product_tag-venta-acido-linoleico-conjugado-jalisco-mexico","26":"product_tag-venta-cla-guadalajara-jalisco","27":"product_tag-venta-esteroides-anabolicos-en-guadalajara","28":"product_tag-venta-esteroides-anabolicos-en-monterrey","29":"product_tag-venta-esteroides-anabolicos-mexico","30":"product_tag-venta-nutrex-lipo-6-cla-90-softgels-jalisco","31":"product_tag-venta-samrs-guadalajara","32":"product_tag-venta-suplementos-bpi","33":"product_tag-venta-suplementos-en-mexico","34":"product_tag-venta-suplementos-finaflex-zapopan","35":"product_tag-venta-suplementos-gph-nutrition","36":"product_tag-venta-suplementos-guadalajara","37":"product_tag-venta-suplementos-monterrey","38":"product_tag-venta-suplementos-optimun-nutrition-guadalajara","39":"product_tag-vidafitstore","41":"first","42":"outofstock","43":"shipping-taxable","44":"purchasable","45":"product-type-simple"},"_links":{"self":[{"href":"https:\/\/proviron.com.mx\/index.php\/wp-json\/wp\/v2\/product\/2487","targetHints":{"allow":["GET"]}}],"collection":[{"href":"https:\/\/proviron.com.mx\/index.php\/wp-json\/wp\/v2\/product"}],"about":[{"href":"https:\/\/proviron.com.mx\/index.php\/wp-json\/wp\/v2\/types\/product"}],"replies":[{"embeddable":true,"href":"https:\/\/proviron.com.mx\/index.php\/wp-json\/wp\/v2\/comments?post=2487"}],"wp:featuredmedia":[{"embeddable":true,"href":"https:\/\/proviron.com.mx\/index.php\/wp-json\/wp\/v2\/media\/2457"}],"wp:attachment":[{"href":"https:\/\/proviron.com.mx\/index.php\/wp-json\/wp\/v2\/media?parent=2487"}],"wp:term":[{"taxonomy":"product_brand","embeddable":true,"href":"https:\/\/proviron.com.mx\/index.php\/wp-json\/wp\/v2\/product_brand?post=2487"},{"taxonomy":"product_cat","embeddable":true,"href":"https:\/\/proviron.com.mx\/index.php\/wp-json\/wp\/v2\/product_cat?post=2487"},{"taxonomy":"product_tag","embeddable":true,"href":"https:\/\/proviron.com.mx\/index.php\/wp-json\/wp\/v2\/product_tag?post=2487"}],"curies":[{"name":"wp","href":"https:\/\/api.w.org\/{rel}","templated":true}]}}