{"id":2507,"date":"2022-06-12T21:44:08","date_gmt":"2022-06-13T02:44:08","guid":{"rendered":"http:\/\/proviron.com.mx\/?post_type=product&#038;p=2507"},"modified":"2025-05-09T22:15:18","modified_gmt":"2025-05-10T04:15:18","slug":"01-gat-agmatine-sulfate-power-75-gr","status":"publish","type":"product","link":"https:\/\/proviron.com.mx\/index.php\/producto\/01-gat-agmatine-sulfate-power-75-gr\/","title":{"rendered":"GAT AGMATINE SULFATE POWER 75 GR"},"content":{"rendered":"","protected":false},"excerpt":{"rendered":"<p>Aumentar las potencias mus- culares *<br \/>\nAgmatine, un subproducto de la arginina, es una forma m\u00e1s directa demejorar la s\u00edntesis de \u00f3xido n\u00edtrico, que se ha demostrado para mejorar las- bombas musculares y apoyar la recuperaci\u00f3n de entrena- mientos intensos. *Agmatine es tambi\u00e9n beneficioso para la actividad sana neurotransmi- sor.<br \/>\nLa ventajade AGMATINE Promueve el\u00d3xido N\u00edtrico. * Ayudas enla recuperaci\u00f3n de la potencia y fuerza. *<br \/>\nEfecto m\u00e1spotente sobre el \u00f3xido n\u00edtrico que la arginina<\/p>\n","protected":false},"featured_media":2508,"comment_status":"open","ping_status":"closed","template":"","meta":{"_joinchat":[]},"product_brand":[],"product_cat":[78],"product_tag":[56,79,27,58,28,59,60,34,61,62,63,54],"class_list":{"0":"post-2507","1":"product","2":"type-product","3":"status-publish","4":"has-post-thumbnail","6":"product_cat-pre-entreno","7":"product_tag-bpi","8":"product_tag-gat-agmatine-sulfate-power-75-gr","9":"product_tag-gph-nutrition","10":"product_tag-gph-pharmaceuticals","11":"product_tag-insane","12":"product_tag-mexico","13":"product_tag-musclemeds","14":"product_tag-nutrex","15":"product_tag-proteina","16":"product_tag-suplementos-guadalajara","17":"product_tag-venta","18":"product_tag-vidafitstore","20":"first","21":"outofstock","22":"shipping-taxable","23":"purchasable","24":"product-type-simple"},"_links":{"self":[{"href":"https:\/\/proviron.com.mx\/index.php\/wp-json\/wp\/v2\/product\/2507","targetHints":{"allow":["GET"]}}],"collection":[{"href":"https:\/\/proviron.com.mx\/index.php\/wp-json\/wp\/v2\/product"}],"about":[{"href":"https:\/\/proviron.com.mx\/index.php\/wp-json\/wp\/v2\/types\/product"}],"replies":[{"embeddable":true,"href":"https:\/\/proviron.com.mx\/index.php\/wp-json\/wp\/v2\/comments?post=2507"}],"wp:featuredmedia":[{"embeddable":true,"href":"https:\/\/proviron.com.mx\/index.php\/wp-json\/wp\/v2\/media\/2508"}],"wp:attachment":[{"href":"https:\/\/proviron.com.mx\/index.php\/wp-json\/wp\/v2\/media?parent=2507"}],"wp:term":[{"taxonomy":"product_brand","embeddable":true,"href":"https:\/\/proviron.com.mx\/index.php\/wp-json\/wp\/v2\/product_brand?post=2507"},{"taxonomy":"product_cat","embeddable":true,"href":"https:\/\/proviron.com.mx\/index.php\/wp-json\/wp\/v2\/product_cat?post=2507"},{"taxonomy":"product_tag","embeddable":true,"href":"https:\/\/proviron.com.mx\/index.php\/wp-json\/wp\/v2\/product_tag?post=2507"}],"curies":[{"name":"wp","href":"https:\/\/api.w.org\/{rel}","templated":true}]}}