{"id":2541,"date":"2022-06-12T21:44:12","date_gmt":"2022-06-13T02:44:12","guid":{"rendered":"http:\/\/proviron.com.mx\/?post_type=product&#038;p=2541"},"modified":"2025-05-09T22:15:43","modified_gmt":"2025-05-10T04:15:43","slug":"17-insane-psychotic-black-35-serv","status":"publish","type":"product","link":"https:\/\/proviron.com.mx\/index.php\/producto\/17-insane-psychotic-black-35-serv\/","title":{"rendered":"INSANE PSYCHOTIC BLACK 35 SERV"},"content":{"rendered":"","protected":false},"excerpt":{"rendered":"<p>Psychotic Black es la \u00faltima incorpora- ci\u00f3n a la familia Psychotic de f\u00f3rmulas pre-entrenamiento de Insane Labz.<br \/>\nLos fieles de Asylum han pedido un pre-entrenamiento de est\u00edmulo mode- rado, que entregue la energ\u00eda suficien- te para terminar el trabajo, con los mismos GRANDES sabores, resultados r\u00e1pidos y acabado suave por el que se conoce a toda nuestra l\u00ednea Psychotic.<br \/>\nTome una cucharada para evaluar la tolerancia, luego una o dos cuchara- das cuando necesite energ\u00eda PSIC\u00d3TI- CA.<\/p>\n","protected":false},"featured_media":2542,"comment_status":"open","ping_status":"closed","template":"","meta":{"_joinchat":[]},"product_brand":[],"product_cat":[78],"product_tag":[56,27,58,28,90,59,60,34,61,63,54],"class_list":{"0":"post-2541","1":"product","2":"type-product","3":"status-publish","4":"has-post-thumbnail","6":"product_cat-pre-entreno","7":"product_tag-bpi","8":"product_tag-gph-nutrition","9":"product_tag-gph-pharmaceuticals","10":"product_tag-insane","11":"product_tag-insane-psychotic-black-35-serv-suplementos-guadalajara","12":"product_tag-mexico","13":"product_tag-musclemeds","14":"product_tag-nutrex","15":"product_tag-proteina","16":"product_tag-venta","17":"product_tag-vidafitstore","19":"first","20":"instock","21":"shipping-taxable","22":"purchasable","23":"product-type-simple"},"_links":{"self":[{"href":"https:\/\/proviron.com.mx\/index.php\/wp-json\/wp\/v2\/product\/2541","targetHints":{"allow":["GET"]}}],"collection":[{"href":"https:\/\/proviron.com.mx\/index.php\/wp-json\/wp\/v2\/product"}],"about":[{"href":"https:\/\/proviron.com.mx\/index.php\/wp-json\/wp\/v2\/types\/product"}],"replies":[{"embeddable":true,"href":"https:\/\/proviron.com.mx\/index.php\/wp-json\/wp\/v2\/comments?post=2541"}],"wp:featuredmedia":[{"embeddable":true,"href":"https:\/\/proviron.com.mx\/index.php\/wp-json\/wp\/v2\/media\/2542"}],"wp:attachment":[{"href":"https:\/\/proviron.com.mx\/index.php\/wp-json\/wp\/v2\/media?parent=2541"}],"wp:term":[{"taxonomy":"product_brand","embeddable":true,"href":"https:\/\/proviron.com.mx\/index.php\/wp-json\/wp\/v2\/product_brand?post=2541"},{"taxonomy":"product_cat","embeddable":true,"href":"https:\/\/proviron.com.mx\/index.php\/wp-json\/wp\/v2\/product_cat?post=2541"},{"taxonomy":"product_tag","embeddable":true,"href":"https:\/\/proviron.com.mx\/index.php\/wp-json\/wp\/v2\/product_tag?post=2541"}],"curies":[{"name":"wp","href":"https:\/\/api.w.org\/{rel}","templated":true}]}}