{"id":2548,"date":"2022-06-12T21:44:13","date_gmt":"2022-06-13T02:44:13","guid":{"rendered":"http:\/\/proviron.com.mx\/?post_type=product&#038;p=2548"},"modified":"2025-05-09T22:15:50","modified_gmt":"2025-05-10T04:15:50","slug":"20-gat-nitraflex-burn-30-serv","status":"publish","type":"product","link":"https:\/\/proviron.com.mx\/index.php\/producto\/20-gat-nitraflex-burn-30-serv\/","title":{"rendered":"GAT NITRAFLEX BURN 30 SERV"},"content":{"rendered":"","protected":false},"excerpt":{"rendered":"<p>UEVO NITRAFLEX\u00ae BURN es una potencia en la construcci\u00f3n muscular cient\u00edficamente avanzada dise\u00f1ada para construir m\u00fasculo delgado y denso mientras que al mismo tiempo se quema la grasa corporal subcut\u00e1- nea. * Sienta su energ\u00eda en minutos. \u00a1NITRAFLEX BURN motivar\u00e1 tu entre- namiento y te ayudar\u00e1 a llevar tu f\u00edsico y rendimiento al siguiente nivel! Propiedades \u00fanicas de algunos de los compuestos clave en Nitraflex: Hiperemia y bombeos masivos -. Los m\u00fasculos cargados de sangre (hipere- mia) crea bombeos musculares. La inducci\u00f3n de la est\u00e9tica de los bom- beos musculares de forma impresio- nante requiere una formulaci\u00f3n preci- sa \u00a1Se necesita la potente combina- ci\u00f3n de compuestos para la mejora atl\u00e9tica en NITRAFLEX BURN! Termog\u00e9nico poderoso -. Sienta que la termog\u00e9nesis se acelera y la potencia aumenta en minutos. Esta f\u00f3rmula avanzada, especialmente dise\u00f1ada ayuda a metabolizar la grasa y contro- la el apetito.<\/p>\n","protected":false},"featured_media":2549,"comment_status":"open","ping_status":"closed","template":"","meta":{"_joinchat":[]},"product_brand":[],"product_cat":[78],"product_tag":[56,92,27,58,28,59,60,34,61,62,63,54],"class_list":{"0":"post-2548","1":"product","2":"type-product","3":"status-publish","4":"has-post-thumbnail","6":"product_cat-pre-entreno","7":"product_tag-bpi","8":"product_tag-gat-nitraflex-burn-30-serv","9":"product_tag-gph-nutrition","10":"product_tag-gph-pharmaceuticals","11":"product_tag-insane","12":"product_tag-mexico","13":"product_tag-musclemeds","14":"product_tag-nutrex","15":"product_tag-proteina","16":"product_tag-suplementos-guadalajara","17":"product_tag-venta","18":"product_tag-vidafitstore","20":"first","21":"outofstock","22":"shipping-taxable","23":"purchasable","24":"product-type-simple"},"_links":{"self":[{"href":"https:\/\/proviron.com.mx\/index.php\/wp-json\/wp\/v2\/product\/2548","targetHints":{"allow":["GET"]}}],"collection":[{"href":"https:\/\/proviron.com.mx\/index.php\/wp-json\/wp\/v2\/product"}],"about":[{"href":"https:\/\/proviron.com.mx\/index.php\/wp-json\/wp\/v2\/types\/product"}],"replies":[{"embeddable":true,"href":"https:\/\/proviron.com.mx\/index.php\/wp-json\/wp\/v2\/comments?post=2548"}],"wp:featuredmedia":[{"embeddable":true,"href":"https:\/\/proviron.com.mx\/index.php\/wp-json\/wp\/v2\/media\/2549"}],"wp:attachment":[{"href":"https:\/\/proviron.com.mx\/index.php\/wp-json\/wp\/v2\/media?parent=2548"}],"wp:term":[{"taxonomy":"product_brand","embeddable":true,"href":"https:\/\/proviron.com.mx\/index.php\/wp-json\/wp\/v2\/product_brand?post=2548"},{"taxonomy":"product_cat","embeddable":true,"href":"https:\/\/proviron.com.mx\/index.php\/wp-json\/wp\/v2\/product_cat?post=2548"},{"taxonomy":"product_tag","embeddable":true,"href":"https:\/\/proviron.com.mx\/index.php\/wp-json\/wp\/v2\/product_tag?post=2548"}],"curies":[{"name":"wp","href":"https:\/\/api.w.org\/{rel}","templated":true}]}}