{"id":2557,"date":"2022-06-12T21:44:13","date_gmt":"2022-06-13T02:44:13","guid":{"rendered":"http:\/\/proviron.com.mx\/?post_type=product&#038;p=2557"},"modified":"2025-05-09T22:15:54","modified_gmt":"2025-05-10T04:15:54","slug":"50-nutrex-warrior-series-outlift-amped-20-serv","status":"publish","type":"product","link":"https:\/\/proviron.com.mx\/index.php\/producto\/50-nutrex-warrior-series-outlift-amped-20-serv\/","title":{"rendered":"NUTREX WARRIOR SERIES OUTLIFT AMPED 20 SERV"},"content":{"rendered":"","protected":false},"excerpt":{"rendered":"<p>OUTLIFT AMPED est\u00e1 m\u00e1s all\u00e1 de cual- quier pre-entrenamiento que haya tenido. Los ingredientes de potencia, bombeo y potencia cl\u00ednicamente dosificados se combinan con estimu- lantes contundentes. Recibir\u00e1 com- bustible y energ\u00eda como nunca antes.<br \/>\nOUTLIFT AMPED te permite ir m\u00e1s all\u00e1 de tus l\u00edmites. Solo una cucharada electrifica su cuerpo y mente hasta un punto que no creer\u00e1. Olv\u00eddese de sentirse d\u00e9bil o cansado. Aumente sus levantamientos, aumente su intensi- dad, entrene m\u00e1s tiempo y obtenga m\u00e1s repeticiones. Realice todas las paradas en el gimnasio.<\/p>\n","protected":false},"featured_media":2558,"comment_status":"open","ping_status":"closed","template":"","meta":{"_joinchat":[]},"product_brand":[],"product_cat":[78],"product_tag":[56,27,58,28,59,60,34,95,61,62,63,54],"class_list":{"0":"post-2557","1":"product","2":"type-product","3":"status-publish","4":"has-post-thumbnail","6":"product_cat-pre-entreno","7":"product_tag-bpi","8":"product_tag-gph-nutrition","9":"product_tag-gph-pharmaceuticals","10":"product_tag-insane","11":"product_tag-mexico","12":"product_tag-musclemeds","13":"product_tag-nutrex","14":"product_tag-nutrex-warrior-series-outlift-amped-20-serv","15":"product_tag-proteina","16":"product_tag-suplementos-guadalajara","17":"product_tag-venta","18":"product_tag-vidafitstore","20":"first","21":"outofstock","22":"shipping-taxable","23":"purchasable","24":"product-type-simple"},"_links":{"self":[{"href":"https:\/\/proviron.com.mx\/index.php\/wp-json\/wp\/v2\/product\/2557","targetHints":{"allow":["GET"]}}],"collection":[{"href":"https:\/\/proviron.com.mx\/index.php\/wp-json\/wp\/v2\/product"}],"about":[{"href":"https:\/\/proviron.com.mx\/index.php\/wp-json\/wp\/v2\/types\/product"}],"replies":[{"embeddable":true,"href":"https:\/\/proviron.com.mx\/index.php\/wp-json\/wp\/v2\/comments?post=2557"}],"wp:featuredmedia":[{"embeddable":true,"href":"https:\/\/proviron.com.mx\/index.php\/wp-json\/wp\/v2\/media\/2558"}],"wp:attachment":[{"href":"https:\/\/proviron.com.mx\/index.php\/wp-json\/wp\/v2\/media?parent=2557"}],"wp:term":[{"taxonomy":"product_brand","embeddable":true,"href":"https:\/\/proviron.com.mx\/index.php\/wp-json\/wp\/v2\/product_brand?post=2557"},{"taxonomy":"product_cat","embeddable":true,"href":"https:\/\/proviron.com.mx\/index.php\/wp-json\/wp\/v2\/product_cat?post=2557"},{"taxonomy":"product_tag","embeddable":true,"href":"https:\/\/proviron.com.mx\/index.php\/wp-json\/wp\/v2\/product_tag?post=2557"}],"curies":[{"name":"wp","href":"https:\/\/api.w.org\/{rel}","templated":true}]}}