{"id":2583,"date":"2022-06-12T21:44:17","date_gmt":"2022-06-13T02:44:17","guid":{"rendered":"http:\/\/proviron.com.mx\/?post_type=product&#038;p=2583"},"modified":"2025-05-09T22:16:14","modified_gmt":"2025-05-10T04:16:14","slug":"39-nutrex-t-up-black-testosterone-120-caps","status":"publish","type":"product","link":"https:\/\/proviron.com.mx\/index.php\/producto\/39-nutrex-t-up-black-testosterone-120-caps\/","title":{"rendered":"NUTREX T-UP BLACK TESTOSTERONE 120 CAPS"},"content":{"rendered":"","protected":false},"excerpt":{"rendered":"<p>LOS PARTICIPANTES DEL ESTUDIO CL\u00cdNICO EXPERIMENTARON UN 42% DE AUMENTO DE TESTOSTERONA EN SOLO 12 D\u00cdAS<br \/>\nEST\u00c1 CIENT\u00cdFICAMENTE PROBADO QUE EL \u00c1CIDO D-ASPARTICO DE T-UP AUMENTA LA TESTOSTERONA EN HOMBRES SANOS<br \/>\nAPOYA LA GANANCIA MUSCULAR, LA FUERZA Y LA RECUPERACI\u00d3N<br \/>\nSOLO SE NECESITA UNA DOSIS DIARIA SUMINISTRO COMPLETO PARA 30 D\u00cdAS<\/p>\n","protected":false},"featured_media":2584,"comment_status":"open","ping_status":"closed","template":"","meta":{"_joinchat":[]},"product_brand":[],"product_cat":[96],"product_tag":[56,27,58,28,59,60,34,456,61,62,63,54],"class_list":{"0":"post-2583","1":"product","2":"type-product","3":"status-publish","4":"has-post-thumbnail","6":"product_cat-precursores","7":"product_tag-bpi","8":"product_tag-gph-nutrition","9":"product_tag-gph-pharmaceuticals","10":"product_tag-insane","11":"product_tag-mexico","12":"product_tag-musclemeds","13":"product_tag-nutrex","14":"product_tag-nutrex-t-up-black-testosterone-120-caps","15":"product_tag-proteina","16":"product_tag-suplementos-guadalajara","17":"product_tag-venta","18":"product_tag-vidafitstore","20":"first","21":"outofstock","22":"shipping-taxable","23":"purchasable","24":"product-type-simple"},"_links":{"self":[{"href":"https:\/\/proviron.com.mx\/index.php\/wp-json\/wp\/v2\/product\/2583","targetHints":{"allow":["GET"]}}],"collection":[{"href":"https:\/\/proviron.com.mx\/index.php\/wp-json\/wp\/v2\/product"}],"about":[{"href":"https:\/\/proviron.com.mx\/index.php\/wp-json\/wp\/v2\/types\/product"}],"replies":[{"embeddable":true,"href":"https:\/\/proviron.com.mx\/index.php\/wp-json\/wp\/v2\/comments?post=2583"}],"wp:featuredmedia":[{"embeddable":true,"href":"https:\/\/proviron.com.mx\/index.php\/wp-json\/wp\/v2\/media\/2584"}],"wp:attachment":[{"href":"https:\/\/proviron.com.mx\/index.php\/wp-json\/wp\/v2\/media?parent=2583"}],"wp:term":[{"taxonomy":"product_brand","embeddable":true,"href":"https:\/\/proviron.com.mx\/index.php\/wp-json\/wp\/v2\/product_brand?post=2583"},{"taxonomy":"product_cat","embeddable":true,"href":"https:\/\/proviron.com.mx\/index.php\/wp-json\/wp\/v2\/product_cat?post=2583"},{"taxonomy":"product_tag","embeddable":true,"href":"https:\/\/proviron.com.mx\/index.php\/wp-json\/wp\/v2\/product_tag?post=2583"}],"curies":[{"name":"wp","href":"https:\/\/api.w.org\/{rel}","templated":true}]}}