{"id":2605,"date":"2022-06-12T21:44:20","date_gmt":"2022-06-13T02:44:20","guid":{"rendered":"http:\/\/proviron.com.mx\/?post_type=product&#038;p=2605"},"modified":"2025-05-09T22:17:01","modified_gmt":"2025-05-10T04:17:01","slug":"01-natures-best-isopure-low-carb-1-lb","status":"publish","type":"product","link":"https:\/\/proviron.com.mx\/index.php\/producto\/01-natures-best-isopure-low-carb-1-lb\/","title":{"rendered":"NATURES BEST ISOPURE LOW CARB 1 LB"},"content":{"rendered":"","protected":false},"excerpt":{"rendered":"<p>sopure low carb es una mezcla de prote\u00ednas 100% de suero aislada con adici\u00f3n de vitaminas, minerales y amino\u00e1cidos (glutamina y taurina). Aporta 50 g de prote\u00edna y s\u00f3lo 1 gramo de carbohidratos disponibles y grasas por porci\u00f3n, adem\u00e1s no contie- ne az\u00facar.<\/p>\n","protected":false},"featured_media":2606,"comment_status":"open","ping_status":"closed","template":"","meta":{"_joinchat":[]},"product_brand":[],"product_cat":[475,474],"product_tag":[23,24,25,26,27,28,529,29,30,31,1448,32,33,34,36,37,535,38,39,42,43,44,1449,568,46,47,48,49,50,51,52,53,54],"class_list":{"0":"post-2605","1":"product","2":"type-product","3":"status-publish","4":"has-post-thumbnail","6":"product_cat-iso","7":"product_cat-proteinas","8":"product_tag-cloma-pharma","9":"product_tag-dymatize","10":"product_tag-en-guadalajara","11":"product_tag-finaflex","12":"product_tag-gph-nutrition","13":"product_tag-insane","14":"product_tag-jalisco-mexico","15":"product_tag-lipo6","16":"product_tag-muscle-meds","17":"product_tag-mutant","18":"product_tag-natures-best-isopure-low-carb-1-lb","19":"product_tag-naturest-best","20":"product_tag-nitrotech","21":"product_tag-nutrex","22":"product_tag-on","23":"product_tag-optimun-nutrition","24":"product_tag-proteinas-bpi-zapopan","25":"product_tag-ronnie-coleman","26":"product_tag-universal","27":"product_tag-venta-esteroides-anabolicos-en-guadalajara","28":"product_tag-venta-esteroides-anabolicos-en-monterrey","29":"product_tag-venta-esteroides-anabolicos-mexico","30":"product_tag-venta-natures-best-isopure-low-carb-guadalajara-jalisco","31":"product_tag-venta-proteinas-guadalajara-jalisco","32":"product_tag-venta-samrs-guadalajara","33":"product_tag-venta-suplementos-bpi","34":"product_tag-venta-suplementos-en-mexico","35":"product_tag-venta-suplementos-finaflex-zapopan","36":"product_tag-venta-suplementos-gph-nutrition","37":"product_tag-venta-suplementos-guadalajara","38":"product_tag-venta-suplementos-monterrey","39":"product_tag-venta-suplementos-optimun-nutrition-guadalajara","40":"product_tag-vidafitstore","42":"first","43":"instock","44":"shipping-taxable","45":"purchasable","46":"product-type-simple"},"_links":{"self":[{"href":"https:\/\/proviron.com.mx\/index.php\/wp-json\/wp\/v2\/product\/2605","targetHints":{"allow":["GET"]}}],"collection":[{"href":"https:\/\/proviron.com.mx\/index.php\/wp-json\/wp\/v2\/product"}],"about":[{"href":"https:\/\/proviron.com.mx\/index.php\/wp-json\/wp\/v2\/types\/product"}],"replies":[{"embeddable":true,"href":"https:\/\/proviron.com.mx\/index.php\/wp-json\/wp\/v2\/comments?post=2605"}],"wp:featuredmedia":[{"embeddable":true,"href":"https:\/\/proviron.com.mx\/index.php\/wp-json\/wp\/v2\/media\/2606"}],"wp:attachment":[{"href":"https:\/\/proviron.com.mx\/index.php\/wp-json\/wp\/v2\/media?parent=2605"}],"wp:term":[{"taxonomy":"product_brand","embeddable":true,"href":"https:\/\/proviron.com.mx\/index.php\/wp-json\/wp\/v2\/product_brand?post=2605"},{"taxonomy":"product_cat","embeddable":true,"href":"https:\/\/proviron.com.mx\/index.php\/wp-json\/wp\/v2\/product_cat?post=2605"},{"taxonomy":"product_tag","embeddable":true,"href":"https:\/\/proviron.com.mx\/index.php\/wp-json\/wp\/v2\/product_tag?post=2605"}],"curies":[{"name":"wp","href":"https:\/\/api.w.org\/{rel}","templated":true}]}}