{"id":2654,"date":"2022-06-12T21:44:25","date_gmt":"2022-06-13T02:44:25","guid":{"rendered":"http:\/\/proviron.com.mx\/?post_type=product&#038;p=2654"},"modified":"2025-05-09T22:18:57","modified_gmt":"2025-05-10T04:18:57","slug":"nutrex-plant-protein-1-2-lbs","status":"publish","type":"product","link":"https:\/\/proviron.com.mx\/index.php\/producto\/nutrex-plant-protein-1-2-lbs\/","title":{"rendered":"NUTREX PLANT PROTEIN 1.2 LBS"},"content":{"rendered":"","protected":false},"excerpt":{"rendered":"<p>Sabor gourmet<br \/>\nProte\u00edna vegetal pr\u00e9mium<br \/>\nProducto elaborado con alimentos reales de origen vegetal.<br \/>\nProte\u00edna vegana 100% natural Incre\u00edble sabor gourmet<br \/>\n20 g de prote\u00edna.<br \/>\n4 fuentes vegetales<br \/>\n&lt; 1 g de az\u00facares<br \/>\nGluten Free: producto sin gluten.<br \/>\nSin colorantes ni saborizantes artificia- les.<br \/>\nCGMP certificado<br \/>\n4 fuentes de prote\u00edna vegetal cruda Prote\u00edna de girasol: aporta un perfil proteico completo que incluye altos niveles de BCAA, especialmente leuci- na. Tambi\u00e9n tiene un alto contenido de arginina, la cual puede ayudar con el flujo sangu\u00edneo, la producci\u00f3n de \u00f3xido n\u00edtrico y la salud cardiovascular.<\/p>\n","protected":false},"featured_media":2655,"comment_status":"open","ping_status":"closed","template":"","meta":{"_joinchat":[]},"product_brand":[],"product_cat":[2444],"product_tag":[2445,2031,42,43,44,2446,568,46,48,50,51,52,2360,2447,54],"class_list":{"0":"post-2654","1":"product","2":"type-product","3":"status-publish","4":"has-post-thumbnail","6":"product_cat-vegano","7":"product_tag-nutrex-plant-protein-1-2-lbs","8":"product_tag-proteinas-zapopan","9":"product_tag-venta-esteroides-anabolicos-en-guadalajara","10":"product_tag-venta-esteroides-anabolicos-en-monterrey","11":"product_tag-venta-esteroides-anabolicos-mexico","12":"product_tag-venta-nutrex-plant-protein-1-2-lbs-jalisco","13":"product_tag-venta-proteinas-guadalajara-jalisco","14":"product_tag-venta-samrs-guadalajara","15":"product_tag-venta-suplementos-en-mexico","16":"product_tag-venta-suplementos-gph-nutrition","17":"product_tag-venta-suplementos-guadalajara","18":"product_tag-venta-suplementos-monterrey","19":"product_tag-venta-suplementos-nutrex-guadalajara","20":"product_tag-venta-suplementos-nutrex-zapopan","21":"product_tag-vidafitstore","23":"first","24":"outofstock","25":"shipping-taxable","26":"purchasable","27":"product-type-simple"},"_links":{"self":[{"href":"https:\/\/proviron.com.mx\/index.php\/wp-json\/wp\/v2\/product\/2654","targetHints":{"allow":["GET"]}}],"collection":[{"href":"https:\/\/proviron.com.mx\/index.php\/wp-json\/wp\/v2\/product"}],"about":[{"href":"https:\/\/proviron.com.mx\/index.php\/wp-json\/wp\/v2\/types\/product"}],"replies":[{"embeddable":true,"href":"https:\/\/proviron.com.mx\/index.php\/wp-json\/wp\/v2\/comments?post=2654"}],"wp:featuredmedia":[{"embeddable":true,"href":"https:\/\/proviron.com.mx\/index.php\/wp-json\/wp\/v2\/media\/2655"}],"wp:attachment":[{"href":"https:\/\/proviron.com.mx\/index.php\/wp-json\/wp\/v2\/media?parent=2654"}],"wp:term":[{"taxonomy":"product_brand","embeddable":true,"href":"https:\/\/proviron.com.mx\/index.php\/wp-json\/wp\/v2\/product_brand?post=2654"},{"taxonomy":"product_cat","embeddable":true,"href":"https:\/\/proviron.com.mx\/index.php\/wp-json\/wp\/v2\/product_cat?post=2654"},{"taxonomy":"product_tag","embeddable":true,"href":"https:\/\/proviron.com.mx\/index.php\/wp-json\/wp\/v2\/product_tag?post=2654"}],"curies":[{"name":"wp","href":"https:\/\/api.w.org\/{rel}","templated":true}]}}