{"id":2656,"date":"2022-06-12T21:44:26","date_gmt":"2022-06-13T02:44:26","guid":{"rendered":"http:\/\/proviron.com.mx\/?post_type=product&#038;p=2656"},"modified":"2025-05-09T22:18:58","modified_gmt":"2025-05-10T04:18:58","slug":"01-cloma-pharma-labotratories-suples-asia-black-25-100-caps","status":"publish","type":"product","link":"https:\/\/proviron.com.mx\/index.php\/producto\/01-cloma-pharma-labotratories-suples-asia-black-25-100-caps\/","title":{"rendered":"CLOMA PHARMA LABOTRATORIES SUPLES ASIA BLACK 25 100 CAPS"},"content":{"rendered":"","protected":false},"excerpt":{"rendered":"<p>Asia Black 25 capsula de Efedra son para gente que saben lo que quieren de una capsula de Efedra. La p\u00edldora diet\u00e9tica de Efedra de Asia Black 25 consis- te de una combinaci\u00f3n de ECA que contiene Efedra, Cafe\u00edna y Aspirina, extendiendo su masivo poder termogenico. Si quieres quemar calor\u00edas todo el d\u00eda como si estuvieras en el GYM, necesitas probar Asia Black 25 capsula de Efedra.<\/p>\n","protected":false},"featured_media":2657,"comment_status":"open","ping_status":"closed","template":"","meta":{"_joinchat":[]},"product_brand":[],"product_cat":[2448],"product_tag":[2449,458,27,58,59,31,462,62,63,54],"class_list":{"0":"post-2656","1":"product","2":"type-product","3":"status-publish","4":"has-post-thumbnail","6":"product_cat-quemadores","7":"product_tag-cloma-pharma-labotratories-suples-asia-black-25-100-caps","8":"product_tag-gat","9":"product_tag-gph-nutrition","10":"product_tag-gph-pharmaceuticals","11":"product_tag-mexico","12":"product_tag-mutant","13":"product_tag-on-nutrition","14":"product_tag-suplementos-guadalajara","15":"product_tag-venta","16":"product_tag-vidafitstore","18":"first","19":"outofstock","20":"shipping-taxable","21":"purchasable","22":"product-type-simple"},"_links":{"self":[{"href":"https:\/\/proviron.com.mx\/index.php\/wp-json\/wp\/v2\/product\/2656","targetHints":{"allow":["GET"]}}],"collection":[{"href":"https:\/\/proviron.com.mx\/index.php\/wp-json\/wp\/v2\/product"}],"about":[{"href":"https:\/\/proviron.com.mx\/index.php\/wp-json\/wp\/v2\/types\/product"}],"replies":[{"embeddable":true,"href":"https:\/\/proviron.com.mx\/index.php\/wp-json\/wp\/v2\/comments?post=2656"}],"wp:featuredmedia":[{"embeddable":true,"href":"https:\/\/proviron.com.mx\/index.php\/wp-json\/wp\/v2\/media\/2657"}],"wp:attachment":[{"href":"https:\/\/proviron.com.mx\/index.php\/wp-json\/wp\/v2\/media?parent=2656"}],"wp:term":[{"taxonomy":"product_brand","embeddable":true,"href":"https:\/\/proviron.com.mx\/index.php\/wp-json\/wp\/v2\/product_brand?post=2656"},{"taxonomy":"product_cat","embeddable":true,"href":"https:\/\/proviron.com.mx\/index.php\/wp-json\/wp\/v2\/product_cat?post=2656"},{"taxonomy":"product_tag","embeddable":true,"href":"https:\/\/proviron.com.mx\/index.php\/wp-json\/wp\/v2\/product_tag?post=2656"}],"curies":[{"name":"wp","href":"https:\/\/api.w.org\/{rel}","templated":true}]}}