{"id":2689,"date":"2022-06-12T21:44:30","date_gmt":"2022-06-13T02:44:30","guid":{"rendered":"http:\/\/proviron.com.mx\/?post_type=product&#038;p=2689"},"modified":"2025-05-09T22:19:21","modified_gmt":"2025-05-10T04:19:21","slug":"12-nutrex-lipo-6-black-120-caps","status":"publish","type":"product","link":"https:\/\/proviron.com.mx\/index.php\/producto\/12-nutrex-lipo-6-black-120-caps\/","title":{"rendered":"NUTREX LIPO 6 BLACK 120 CAP"},"content":{"rendered":"","protected":false},"excerpt":{"rendered":"<p>Extreme Potency es un termog\u00e9nico de \u00faltima generaci\u00f3n y extremada- mente potente elaborado con los compuestos termog\u00e9nicos de gran potencia que te ayudar\u00e1n a eliminar la grasa que tanto trabajo cuesta desha- cer.<br \/>\nEntre sus ingredientes destacan el extracto de t\u00e9 verde, las semillas de teobroma cacao, la cafe\u00edna anhidra, la N-acetil-L-tirosina, el extracto de ra\u00edz de jengibre CO2, la ra\u00edz de coleus forskohlii (contiene forskolina) o Bio- perine\u00ae. Adem\u00e1s Nutrex emplea su conocida tecnolog\u00eda de c\u00e1psulas l\u00edqui- das (que premite una completa dis- persi\u00f3n l\u00edquida para una potencia m\u00e1xima) que permite obtener unos mejores resultados m\u00e1s r\u00e1pido.<\/p>\n","protected":false},"featured_media":2690,"comment_status":"open","ping_status":"closed","template":"","meta":{"_joinchat":[]},"product_brand":[],"product_cat":[2448],"product_tag":[458,27,58,59,31,2462,462,62,63,54],"class_list":{"0":"post-2689","1":"product","2":"type-product","3":"status-publish","4":"has-post-thumbnail","6":"product_cat-quemadores","7":"product_tag-gat","8":"product_tag-gph-nutrition","9":"product_tag-gph-pharmaceuticals","10":"product_tag-mexico","11":"product_tag-mutant","12":"product_tag-nutrex-lipo-6-black-120-cap","13":"product_tag-on-nutrition","14":"product_tag-suplementos-guadalajara","15":"product_tag-venta","16":"product_tag-vidafitstore","18":"first","19":"outofstock","20":"shipping-taxable","21":"purchasable","22":"product-type-simple"},"_links":{"self":[{"href":"https:\/\/proviron.com.mx\/index.php\/wp-json\/wp\/v2\/product\/2689","targetHints":{"allow":["GET"]}}],"collection":[{"href":"https:\/\/proviron.com.mx\/index.php\/wp-json\/wp\/v2\/product"}],"about":[{"href":"https:\/\/proviron.com.mx\/index.php\/wp-json\/wp\/v2\/types\/product"}],"replies":[{"embeddable":true,"href":"https:\/\/proviron.com.mx\/index.php\/wp-json\/wp\/v2\/comments?post=2689"}],"wp:featuredmedia":[{"embeddable":true,"href":"https:\/\/proviron.com.mx\/index.php\/wp-json\/wp\/v2\/media\/2690"}],"wp:attachment":[{"href":"https:\/\/proviron.com.mx\/index.php\/wp-json\/wp\/v2\/media?parent=2689"}],"wp:term":[{"taxonomy":"product_brand","embeddable":true,"href":"https:\/\/proviron.com.mx\/index.php\/wp-json\/wp\/v2\/product_brand?post=2689"},{"taxonomy":"product_cat","embeddable":true,"href":"https:\/\/proviron.com.mx\/index.php\/wp-json\/wp\/v2\/product_cat?post=2689"},{"taxonomy":"product_tag","embeddable":true,"href":"https:\/\/proviron.com.mx\/index.php\/wp-json\/wp\/v2\/product_tag?post=2689"}],"curies":[{"name":"wp","href":"https:\/\/api.w.org\/{rel}","templated":true}]}}