{"id":2725,"date":"2022-06-12T21:44:33","date_gmt":"2022-06-13T02:44:33","guid":{"rendered":"http:\/\/proviron.com.mx\/?post_type=product&#038;p=2725"},"modified":"2025-05-09T22:19:47","modified_gmt":"2025-05-10T04:19:47","slug":"53-nutrex-lipo-6-black-uc-intense-fat-burner-120-caps","status":"publish","type":"product","link":"https:\/\/proviron.com.mx\/index.php\/producto\/53-nutrex-lipo-6-black-uc-intense-fat-burner-120-caps\/","title":{"rendered":"NUTREX LIPO 6 BLACK UC INTENSE FAT BURNER 120 CAPS"},"content":{"rendered":"","protected":false},"excerpt":{"rendered":"<p>LIPO-6 BLACK INTENSE lleva el con- cepto de quema de grasa termog\u00e9nica al siguiente nivel. Su f\u00f3rmula sobreali- mentada lo apoya con las herramien- tas para quemar a\u00fan m\u00e1s grasa para alimentarse, le brinda m\u00e1s energ\u00eda y simplemente ayuda a aumentar su potencia de salida m\u00e1s all\u00e1 de sus capacidades normales. No es para principiantes. Es una f\u00f3rmula para atletas y usuarios avanzados, que ya tienen experiencia con varios quema- dores de grasa termog\u00e9nicos. La quema de grasa termog\u00e9nica es una de las formas m\u00e1s eficientes de reducir la grasa corporal. La termog\u00e9nesis es el proceso de estimulaci\u00f3n metab\u00f3lica a trav\u00e9s de la producci\u00f3n de calor. Cuando tome su primera porci\u00f3n, notar\u00e1 que LIPO-6 BLACK INTENSE contiene una poderosa explosi\u00f3n de energ\u00eda, que se puede sentir en minu- tos. La energ\u00eda adicional ayuda a com- pensar la fatiga de la dieta y asegura que su nivel de actividad se mantenga alto. Despu\u00e9s de unos d\u00edas de usar LIPO-6 BLACK INTENSE, tambi\u00e9n puede sentir que tiene su apetito bajo un mejor control mientras experimen- ta menos antojos<\/p>\n","protected":false},"featured_media":2726,"comment_status":"open","ping_status":"closed","template":"","meta":{"_joinchat":[]},"product_brand":[],"product_cat":[2448],"product_tag":[458,27,58,59,31,2478,462,62,63,54],"class_list":{"0":"post-2725","1":"product","2":"type-product","3":"status-publish","4":"has-post-thumbnail","6":"product_cat-quemadores","7":"product_tag-gat","8":"product_tag-gph-nutrition","9":"product_tag-gph-pharmaceuticals","10":"product_tag-mexico","11":"product_tag-mutant","12":"product_tag-nutrex-lipo-6-black-uc-intense-fat-burner-120-caps","13":"product_tag-on-nutrition","14":"product_tag-suplementos-guadalajara","15":"product_tag-venta","16":"product_tag-vidafitstore","18":"first","19":"outofstock","20":"shipping-taxable","21":"purchasable","22":"product-type-simple"},"_links":{"self":[{"href":"https:\/\/proviron.com.mx\/index.php\/wp-json\/wp\/v2\/product\/2725","targetHints":{"allow":["GET"]}}],"collection":[{"href":"https:\/\/proviron.com.mx\/index.php\/wp-json\/wp\/v2\/product"}],"about":[{"href":"https:\/\/proviron.com.mx\/index.php\/wp-json\/wp\/v2\/types\/product"}],"replies":[{"embeddable":true,"href":"https:\/\/proviron.com.mx\/index.php\/wp-json\/wp\/v2\/comments?post=2725"}],"wp:featuredmedia":[{"embeddable":true,"href":"https:\/\/proviron.com.mx\/index.php\/wp-json\/wp\/v2\/media\/2726"}],"wp:attachment":[{"href":"https:\/\/proviron.com.mx\/index.php\/wp-json\/wp\/v2\/media?parent=2725"}],"wp:term":[{"taxonomy":"product_brand","embeddable":true,"href":"https:\/\/proviron.com.mx\/index.php\/wp-json\/wp\/v2\/product_brand?post=2725"},{"taxonomy":"product_cat","embeddable":true,"href":"https:\/\/proviron.com.mx\/index.php\/wp-json\/wp\/v2\/product_cat?post=2725"},{"taxonomy":"product_tag","embeddable":true,"href":"https:\/\/proviron.com.mx\/index.php\/wp-json\/wp\/v2\/product_tag?post=2725"}],"curies":[{"name":"wp","href":"https:\/\/api.w.org\/{rel}","templated":true}]}}