{"id":2751,"date":"2022-06-12T21:44:37","date_gmt":"2022-06-13T02:44:37","guid":{"rendered":"http:\/\/proviron.com.mx\/?post_type=product&#038;p=2751"},"modified":"2025-05-09T22:20:07","modified_gmt":"2025-05-10T04:20:07","slug":"52-nutrex-warrior-series-vitadapt-90-tabs","status":"publish","type":"product","link":"https:\/\/proviron.com.mx\/index.php\/producto\/52-nutrex-warrior-series-vitadapt-90-tabs\/","title":{"rendered":"NUTREX WARRIOR SERIES VITADAPT 90 TABS"},"content":{"rendered":"","protected":false},"excerpt":{"rendered":"<p>VITADAPT es un multivitam\u00ednico deportivo avanzado y un adapt\u00f3geno de rendimiento que los atletas serios han estado pidiendo. Su f\u00f3rmula todo en uno satisface a la perfecci\u00f3n las necesidades de los deportistas some- tidos a elevadas exigencias f\u00edsicas. Cantidades efectivas de vitaminas, minerales y adapt\u00f3genos protegen su cuerpo del estr\u00e9s y lo preparan para fortalecerse.<\/p>\n","protected":false},"featured_media":2752,"comment_status":"open","ping_status":"closed","template":"","meta":{"_joinchat":[]},"product_brand":[],"product_cat":[2479],"product_tag":[2480,2504,42,43,44,2505,46,48,50,51,2506,52,2359,2484,54],"class_list":{"0":"post-2751","1":"product","2":"type-product","3":"status-publish","4":"has-post-thumbnail","6":"product_cat-vitaminas","7":"product_tag-multivitaminico-zapopan","8":"product_tag-nutrex-warrior-series-vitadapt-90-tabs","9":"product_tag-venta-esteroides-anabolicos-en-guadalajara","10":"product_tag-venta-esteroides-anabolicos-en-monterrey","11":"product_tag-venta-esteroides-anabolicos-mexico","12":"product_tag-venta-nutrex-warrior-series-vitadapt-guadalajara-jalisco","13":"product_tag-venta-samrs-guadalajara","14":"product_tag-venta-suplementos-en-mexico","15":"product_tag-venta-suplementos-gph-nutrition","16":"product_tag-venta-suplementos-guadalajara","17":"product_tag-venta-suplementos-insane-guadalajara","18":"product_tag-venta-suplementos-monterrey","19":"product_tag-venta-suplementos-mutant-zapopan","20":"product_tag-venta-vitaminas-guadalajara-jalisco","21":"product_tag-vidafitstore","23":"first","24":"outofstock","25":"shipping-taxable","26":"purchasable","27":"product-type-simple"},"_links":{"self":[{"href":"https:\/\/proviron.com.mx\/index.php\/wp-json\/wp\/v2\/product\/2751","targetHints":{"allow":["GET"]}}],"collection":[{"href":"https:\/\/proviron.com.mx\/index.php\/wp-json\/wp\/v2\/product"}],"about":[{"href":"https:\/\/proviron.com.mx\/index.php\/wp-json\/wp\/v2\/types\/product"}],"replies":[{"embeddable":true,"href":"https:\/\/proviron.com.mx\/index.php\/wp-json\/wp\/v2\/comments?post=2751"}],"wp:featuredmedia":[{"embeddable":true,"href":"https:\/\/proviron.com.mx\/index.php\/wp-json\/wp\/v2\/media\/2752"}],"wp:attachment":[{"href":"https:\/\/proviron.com.mx\/index.php\/wp-json\/wp\/v2\/media?parent=2751"}],"wp:term":[{"taxonomy":"product_brand","embeddable":true,"href":"https:\/\/proviron.com.mx\/index.php\/wp-json\/wp\/v2\/product_brand?post=2751"},{"taxonomy":"product_cat","embeddable":true,"href":"https:\/\/proviron.com.mx\/index.php\/wp-json\/wp\/v2\/product_cat?post=2751"},{"taxonomy":"product_tag","embeddable":true,"href":"https:\/\/proviron.com.mx\/index.php\/wp-json\/wp\/v2\/product_tag?post=2751"}],"curies":[{"name":"wp","href":"https:\/\/api.w.org\/{rel}","templated":true}]}}