{"id":2776,"date":"2022-06-13T10:39:23","date_gmt":"2022-06-13T15:39:23","guid":{"rendered":"http:\/\/proviron.com.mx\/?post_type=product&#038;p=2776"},"modified":"2025-05-09T22:21:10","modified_gmt":"2025-05-10T04:21:10","slug":"masteron","status":"publish","type":"product","link":"https:\/\/proviron.com.mx\/index.php\/producto\/masteron\/","title":{"rendered":"Masteron 10ML\/100MG Balkam"},"content":{"rendered":"","protected":false},"excerpt":{"rendered":"<p>Produce un aumento del m\u00fasculo limpio y dur\u00f3 efectos m\u00e1s largos en personas con un porcentaje bajo de grasa<br \/>\nAROMATIZA: No PRESENTACI\u00d3N: 100mg \/ 10ml MADE IN: USA ADMINISTRACI\u00d3N: Vial inyecci\u00f3n<\/p>\n","protected":false},"featured_media":2777,"comment_status":"open","ping_status":"closed","template":"","meta":{"_joinchat":[]},"product_brand":[],"product_cat":[2507],"product_tag":[2524,6741,5861,6742,2698,5896,5897,527,1968,3278,6743,6744,63,54],"class_list":{"0":"post-2776","1":"product","2":"type-product","3":"status-publish","4":"has-post-thumbnail","6":"product_cat-esteroides-anabolicos","7":"product_tag-anabolicos","8":"product_tag-bangkok","9":"product_tag-british-dragon","10":"product_tag-drostanolona","11":"product_tag-drostanolone","12":"product_tag-esteroides","13":"product_tag-esteroides-anabolicos-venta","14":"product_tag-geropharm","15":"product_tag-guadalajara","16":"product_tag-masteron","17":"product_tag-masteron-10ml-100mg-balkam","18":"product_tag-propionate-drostanolone","19":"product_tag-venta","20":"product_tag-vidafitstore","22":"first","23":"instock","24":"shipping-taxable","25":"purchasable","26":"product-type-simple"},"_links":{"self":[{"href":"https:\/\/proviron.com.mx\/index.php\/wp-json\/wp\/v2\/product\/2776","targetHints":{"allow":["GET"]}}],"collection":[{"href":"https:\/\/proviron.com.mx\/index.php\/wp-json\/wp\/v2\/product"}],"about":[{"href":"https:\/\/proviron.com.mx\/index.php\/wp-json\/wp\/v2\/types\/product"}],"replies":[{"embeddable":true,"href":"https:\/\/proviron.com.mx\/index.php\/wp-json\/wp\/v2\/comments?post=2776"}],"wp:featuredmedia":[{"embeddable":true,"href":"https:\/\/proviron.com.mx\/index.php\/wp-json\/wp\/v2\/media\/2777"}],"wp:attachment":[{"href":"https:\/\/proviron.com.mx\/index.php\/wp-json\/wp\/v2\/media?parent=2776"}],"wp:term":[{"taxonomy":"product_brand","embeddable":true,"href":"https:\/\/proviron.com.mx\/index.php\/wp-json\/wp\/v2\/product_brand?post=2776"},{"taxonomy":"product_cat","embeddable":true,"href":"https:\/\/proviron.com.mx\/index.php\/wp-json\/wp\/v2\/product_cat?post=2776"},{"taxonomy":"product_tag","embeddable":true,"href":"https:\/\/proviron.com.mx\/index.php\/wp-json\/wp\/v2\/product_tag?post=2776"}],"curies":[{"name":"wp","href":"https:\/\/api.w.org\/{rel}","templated":true}]}}