{"id":295,"date":"2022-06-12T21:44:26","date_gmt":"2022-06-13T02:44:26","guid":{"rendered":"http:\/\/proviron.com.mx\/?post_type=product&#038;p=295"},"modified":"2025-05-09T22:18:58","modified_gmt":"2025-05-10T04:18:58","slug":"01-high-tech-pharmaceuticals-suples-lipodrene-amarillo-100-tabs","status":"publish","type":"product","link":"https:\/\/proviron.com.mx\/index.php\/producto\/01-high-tech-pharmaceuticals-suples-lipodrene-amarillo-100-tabs\/","title":{"rendered":"HIGH TECH PHARMACEUTICALS LIPODRENE AMARILLO 100 TABS"},"content":{"rendered":"","protected":false},"excerpt":{"rendered":"<p>Lipodrene with 25mg ephedra extract Hi-Tech 100 tabletas<br \/>\nLipodrene con extracto de efedrina es uno de los quemadores de grasa que tiene el extraordinario poder para mejorar el metabolismo y quemar m\u00e1s grasa. Lipodrene con extracto de efe- drina, tiene como compuesto princi- pal la revolucionaria tecnolog\u00eda e ingredientes \u00fanicos como la efedra.<br \/>\nLos estudios realizados en Lipodrene efedrina han demostrado que este producto, aumenta la temperatura corporal con el fin de empujar su cuerpo a consumir m\u00e1s energ\u00eda y por lo tanto diluir la grasa m\u00e1s r\u00e1pido. Lipodrene efedrina (ma huang), dise- \u00f1ado por los laboratorios de Hi-Tech Pharmaceuticals, posee una f\u00f3rmula termog\u00e9nica que retarda la absorci\u00f3n de la serotonina, lo que permite un mejor control de peso.<\/p>\n","protected":false},"featured_media":2658,"comment_status":"open","ping_status":"closed","template":"","meta":{"_joinchat":[]},"product_brand":[],"product_cat":[2448],"product_tag":[458,27,58,24252,59,31,462,62,63,54],"class_list":{"0":"post-295","1":"product","2":"type-product","3":"status-publish","4":"has-post-thumbnail","6":"product_cat-quemadores","7":"product_tag-gat","8":"product_tag-gph-nutrition","9":"product_tag-gph-pharmaceuticals","10":"product_tag-high-tech-pharmaceuticals-lipodrene-amarillo-100-tabs","11":"product_tag-mexico","12":"product_tag-mutant","13":"product_tag-on-nutrition","14":"product_tag-suplementos-guadalajara","15":"product_tag-venta","16":"product_tag-vidafitstore","18":"first","19":"instock","20":"shipping-taxable","21":"purchasable","22":"product-type-simple"},"_links":{"self":[{"href":"https:\/\/proviron.com.mx\/index.php\/wp-json\/wp\/v2\/product\/295","targetHints":{"allow":["GET"]}}],"collection":[{"href":"https:\/\/proviron.com.mx\/index.php\/wp-json\/wp\/v2\/product"}],"about":[{"href":"https:\/\/proviron.com.mx\/index.php\/wp-json\/wp\/v2\/types\/product"}],"replies":[{"embeddable":true,"href":"https:\/\/proviron.com.mx\/index.php\/wp-json\/wp\/v2\/comments?post=295"}],"wp:featuredmedia":[{"embeddable":true,"href":"https:\/\/proviron.com.mx\/index.php\/wp-json\/wp\/v2\/media\/2658"}],"wp:attachment":[{"href":"https:\/\/proviron.com.mx\/index.php\/wp-json\/wp\/v2\/media?parent=295"}],"wp:term":[{"taxonomy":"product_brand","embeddable":true,"href":"https:\/\/proviron.com.mx\/index.php\/wp-json\/wp\/v2\/product_brand?post=295"},{"taxonomy":"product_cat","embeddable":true,"href":"https:\/\/proviron.com.mx\/index.php\/wp-json\/wp\/v2\/product_cat?post=295"},{"taxonomy":"product_tag","embeddable":true,"href":"https:\/\/proviron.com.mx\/index.php\/wp-json\/wp\/v2\/product_tag?post=295"}],"curies":[{"name":"wp","href":"https:\/\/api.w.org\/{rel}","templated":true}]}}