{"id":301,"date":"2022-06-12T21:44:27","date_gmt":"2022-06-13T02:44:27","guid":{"rendered":"http:\/\/proviron.com.mx\/?post_type=product&#038;p=301"},"modified":"2025-05-09T22:19:05","modified_gmt":"2025-05-10T04:19:05","slug":"03-high-tech-pharmaceuticals-suples-lipodrene-xtreme-90-tabs","status":"publish","type":"product","link":"https:\/\/proviron.com.mx\/index.php\/producto\/03-high-tech-pharmaceuticals-suples-lipodrene-xtreme-90-tabs\/","title":{"rendered":"HIGH TECH PHARMACEUTICALS LIPODRENE XTREME 90 TABS"},"content":{"rendered":"","protected":false},"excerpt":{"rendered":"<p>Es un suplemento de p\u00e9rdida de peso y mejora de energ\u00eda de alta tecnolog\u00eda dise\u00f1ado para saciar la sed de la per- sona que es &#8220;dif\u00edcil de complacer&#8221;.<br \/>\nLipodrene\u00ae Xtreme o lipodrene ROJO incluye una construcci\u00f3n de triple capa y pol\u00edmeros de cuentas esf\u00e9ricas. Estas dos tecnolog\u00edas son la raz\u00f3n por la que Lipodrene\u00ae XtremeV2.0 propor- ciona una sensaci\u00f3n estimulante excepcionalmente suave, duradera y sin choques, sin crash.<br \/>\nCargado con todos los ingredientes que la multitud estimulante dif\u00edcil de complacer est\u00e1 buscando. \u00a1Hi-Tech hizo todo lo posible para incluir una tableta! Disfruta de la energ\u00eda durade- ra con el enfoque nootr\u00f3pico que no te dejaran cansado al final del d\u00eda. Cero Crash.<\/p>\n","protected":false},"featured_media":2667,"comment_status":"open","ping_status":"closed","template":"","meta":{"_joinchat":[]},"product_brand":[],"product_cat":[2448],"product_tag":[23,2466,2467,24,25,26,27,24255,28,29,30,31,32,33,34,36,37,38,62,39,230,2469,42,43,44,24256,46,47,48,49,50,51,52,53,54],"class_list":{"0":"post-301","1":"product","2":"type-product","3":"status-publish","4":"has-post-thumbnail","6":"product_cat-quemadores","7":"product_tag-cloma-pharma","8":"product_tag-creapure","9":"product_tag-creatina-bpi-zapopan","10":"product_tag-dymatize","11":"product_tag-en-guadalajara","12":"product_tag-finaflex","13":"product_tag-gph-nutrition","14":"product_tag-high-tech-pharmaceuticals-lipodrene-xtreme-90-tabs","15":"product_tag-insane","16":"product_tag-lipo6","17":"product_tag-muscle-meds","18":"product_tag-mutant","19":"product_tag-naturest-best","20":"product_tag-nitrotech","21":"product_tag-nutrex","22":"product_tag-on","23":"product_tag-optimun-nutrition","24":"product_tag-ronnie-coleman","25":"product_tag-suplementos-guadalajara","26":"product_tag-universal","27":"product_tag-venta-creatina-en-guadalajara","28":"product_tag-venta-creatina-monohidrato-guadalajara-jalisco","29":"product_tag-venta-esteroides-anabolicos-en-guadalajara","30":"product_tag-venta-esteroides-anabolicos-en-monterrey","31":"product_tag-venta-esteroides-anabolicos-mexico","32":"product_tag-venta-high-tech-pharmaceuticals-lipodrene-xtreme-guadalajara-jalisco","33":"product_tag-venta-samrs-guadalajara","34":"product_tag-venta-suplementos-bpi","35":"product_tag-venta-suplementos-en-mexico","36":"product_tag-venta-suplementos-finaflex-zapopan","37":"product_tag-venta-suplementos-gph-nutrition","38":"product_tag-venta-suplementos-guadalajara","39":"product_tag-venta-suplementos-monterrey","40":"product_tag-venta-suplementos-optimun-nutrition-guadalajara","41":"product_tag-vidafitstore","43":"first","44":"outofstock","45":"shipping-taxable","46":"purchasable","47":"product-type-simple"},"_links":{"self":[{"href":"https:\/\/proviron.com.mx\/index.php\/wp-json\/wp\/v2\/product\/301","targetHints":{"allow":["GET"]}}],"collection":[{"href":"https:\/\/proviron.com.mx\/index.php\/wp-json\/wp\/v2\/product"}],"about":[{"href":"https:\/\/proviron.com.mx\/index.php\/wp-json\/wp\/v2\/types\/product"}],"replies":[{"embeddable":true,"href":"https:\/\/proviron.com.mx\/index.php\/wp-json\/wp\/v2\/comments?post=301"}],"wp:featuredmedia":[{"embeddable":true,"href":"https:\/\/proviron.com.mx\/index.php\/wp-json\/wp\/v2\/media\/2667"}],"wp:attachment":[{"href":"https:\/\/proviron.com.mx\/index.php\/wp-json\/wp\/v2\/media?parent=301"}],"wp:term":[{"taxonomy":"product_brand","embeddable":true,"href":"https:\/\/proviron.com.mx\/index.php\/wp-json\/wp\/v2\/product_brand?post=301"},{"taxonomy":"product_cat","embeddable":true,"href":"https:\/\/proviron.com.mx\/index.php\/wp-json\/wp\/v2\/product_cat?post=301"},{"taxonomy":"product_tag","embeddable":true,"href":"https:\/\/proviron.com.mx\/index.php\/wp-json\/wp\/v2\/product_tag?post=301"}],"curies":[{"name":"wp","href":"https:\/\/api.w.org\/{rel}","templated":true}]}}