{"id":303,"date":"2022-06-12T21:44:27","date_gmt":"2022-06-13T02:44:27","guid":{"rendered":"http:\/\/proviron.com.mx\/?post_type=product&#038;p=303"},"modified":"2025-05-09T22:19:06","modified_gmt":"2025-05-10T04:19:06","slug":"03-nubreed-phantom-xs-120-caps","status":"publish","type":"product","link":"https:\/\/proviron.com.mx\/index.php\/producto\/03-nubreed-phantom-xs-120-caps\/","title":{"rendered":"NUBREED PHANTOM XS 120 CAPS"},"content":{"rendered":"","protected":false},"excerpt":{"rendered":"<p>Nubreed Nutrition PHANTOM TM no est\u00e1 dise\u00f1ado para &#8220;agotarte al extre- mo&#8221; al igual que muchos otros que- madores de grasa en el mercado. Est\u00e1 dise\u00f1ado para ser tomado antes de acostarse para ayudar a maximizar la tasa metab\u00f3lica del cuerpo en un momento en que es normalmente la m\u00e1s baja.<br \/>\nNubreed logra una excelente acelera- ci\u00f3n metab\u00f3lica mediante enfoque libre de estimulantes para la p\u00e9rdida de grasa con la formulaci\u00f3n de PHAM- TOM. Nuestro suplemento se puedes usar por ambos hombres y mujeres que buscan perder peso y transformar sus cuerpos sin estimulantes mientras duermen. Con PHANTOM vas descu- brir su verdadero cuerpo.<\/p>\n","protected":false},"featured_media":2670,"comment_status":"open","ping_status":"closed","template":"","meta":{"_joinchat":[]},"product_brand":[],"product_cat":[2448],"product_tag":[],"class_list":{"0":"post-303","1":"product","2":"type-product","3":"status-publish","4":"has-post-thumbnail","6":"product_cat-quemadores","8":"first","9":"instock","10":"shipping-taxable","11":"purchasable","12":"product-type-simple"},"_links":{"self":[{"href":"https:\/\/proviron.com.mx\/index.php\/wp-json\/wp\/v2\/product\/303","targetHints":{"allow":["GET"]}}],"collection":[{"href":"https:\/\/proviron.com.mx\/index.php\/wp-json\/wp\/v2\/product"}],"about":[{"href":"https:\/\/proviron.com.mx\/index.php\/wp-json\/wp\/v2\/types\/product"}],"replies":[{"embeddable":true,"href":"https:\/\/proviron.com.mx\/index.php\/wp-json\/wp\/v2\/comments?post=303"}],"wp:featuredmedia":[{"embeddable":true,"href":"https:\/\/proviron.com.mx\/index.php\/wp-json\/wp\/v2\/media\/2670"}],"wp:attachment":[{"href":"https:\/\/proviron.com.mx\/index.php\/wp-json\/wp\/v2\/media?parent=303"}],"wp:term":[{"taxonomy":"product_brand","embeddable":true,"href":"https:\/\/proviron.com.mx\/index.php\/wp-json\/wp\/v2\/product_brand?post=303"},{"taxonomy":"product_cat","embeddable":true,"href":"https:\/\/proviron.com.mx\/index.php\/wp-json\/wp\/v2\/product_cat?post=303"},{"taxonomy":"product_tag","embeddable":true,"href":"https:\/\/proviron.com.mx\/index.php\/wp-json\/wp\/v2\/product_tag?post=303"}],"curies":[{"name":"wp","href":"https:\/\/api.w.org\/{rel}","templated":true}]}}