{"id":305,"date":"2022-06-12T21:44:27","date_gmt":"2022-06-13T02:44:27","guid":{"rendered":"http:\/\/proviron.com.mx\/?post_type=product&#038;p=305"},"modified":"2025-05-09T22:19:09","modified_gmt":"2025-05-10T04:19:09","slug":"04-gat-caffeine-200mg-100-tabs","status":"publish","type":"product","link":"https:\/\/proviron.com.mx\/index.php\/producto\/04-gat-caffeine-200mg-100-tabs\/","title":{"rendered":"GAT CAFFEINE 200MG 100 TABS"},"content":{"rendered":"","protected":false},"excerpt":{"rendered":"<p>La cafe\u00edna proporciona efectos energizantes con cero az\u00facar o calor\u00edas adicionales para apoyar su formaci\u00f3n sin com- prometer sus objetivos de la dieta. * La cafe\u00edna desencade- na una serie de beneficios es- pec\u00edficos de rendimiento inclu- yendo una mejor atenci\u00f3n, el estado de alerta elevada, tiempo de reacci\u00f3n m\u00e1s r\u00e1pido, reducci\u00f3n de la fatiga y el aumento de la resistencia. * GAT cafe\u00edna tabletas ofrecen una cantidad de 200 mg de cafe\u00edna cada vez que necesite para poner en marcha r\u00e1pida- mente su rendimiento f\u00edsico y mental con el fin de maximizar su entrenamiento.<\/p>\n","protected":false},"featured_media":2673,"comment_status":"open","ping_status":"closed","template":"","meta":{"_joinchat":[]},"product_brand":[],"product_cat":[2448],"product_tag":[458,24257,27,58,59,31,462,62,63,54],"class_list":{"0":"post-305","1":"product","2":"type-product","3":"status-publish","4":"has-post-thumbnail","6":"product_cat-quemadores","7":"product_tag-gat","8":"product_tag-gat-caffeine-200mg-100-tabs","9":"product_tag-gph-nutrition","10":"product_tag-gph-pharmaceuticals","11":"product_tag-mexico","12":"product_tag-mutant","13":"product_tag-on-nutrition","14":"product_tag-suplementos-guadalajara","15":"product_tag-venta","16":"product_tag-vidafitstore","18":"first","19":"outofstock","20":"shipping-taxable","21":"purchasable","22":"product-type-simple"},"_links":{"self":[{"href":"https:\/\/proviron.com.mx\/index.php\/wp-json\/wp\/v2\/product\/305","targetHints":{"allow":["GET"]}}],"collection":[{"href":"https:\/\/proviron.com.mx\/index.php\/wp-json\/wp\/v2\/product"}],"about":[{"href":"https:\/\/proviron.com.mx\/index.php\/wp-json\/wp\/v2\/types\/product"}],"replies":[{"embeddable":true,"href":"https:\/\/proviron.com.mx\/index.php\/wp-json\/wp\/v2\/comments?post=305"}],"wp:featuredmedia":[{"embeddable":true,"href":"https:\/\/proviron.com.mx\/index.php\/wp-json\/wp\/v2\/media\/2673"}],"wp:attachment":[{"href":"https:\/\/proviron.com.mx\/index.php\/wp-json\/wp\/v2\/media?parent=305"}],"wp:term":[{"taxonomy":"product_brand","embeddable":true,"href":"https:\/\/proviron.com.mx\/index.php\/wp-json\/wp\/v2\/product_brand?post=305"},{"taxonomy":"product_cat","embeddable":true,"href":"https:\/\/proviron.com.mx\/index.php\/wp-json\/wp\/v2\/product_cat?post=305"},{"taxonomy":"product_tag","embeddable":true,"href":"https:\/\/proviron.com.mx\/index.php\/wp-json\/wp\/v2\/product_tag?post=305"}],"curies":[{"name":"wp","href":"https:\/\/api.w.org\/{rel}","templated":true}]}}