{"id":307,"date":"2022-06-12T21:44:27","date_gmt":"2022-06-13T02:44:27","guid":{"rendered":"http:\/\/proviron.com.mx\/?post_type=product&#038;p=307"},"modified":"2025-05-09T22:19:12","modified_gmt":"2025-05-10T04:19:12","slug":"04-muscle-tech-hydroxycut-harcore-elite-100-caps","status":"publish","type":"product","link":"https:\/\/proviron.com.mx\/index.php\/producto\/04-muscle-tech-hydroxycut-harcore-elite-100-caps\/","title":{"rendered":"MUSCLE TECH HYDROXYCUT HARCORE ELITE 100 CAPS"},"content":{"rendered":"","protected":false},"excerpt":{"rendered":"<p>Hydroxycut Hardcore\u00ae ELITE<br \/>\nEl termog\u00e9nico m\u00e1s poderoso para perder peso y tener una energ\u00eda extre- ma!<br \/>\nSabemos que usted no desea consu- mir dosis cuestionables de termog\u00e9ni- cos sobrevalorados que no ofrecen los resultados que busca, es por eso que hemos desarrollado el nuevo Hydroxy- cut Hardcore\u00ae\u00ae Elite, un verdadero termog\u00e9nico de \u00e9lite con una f\u00f3rmula de transparencia total.<br \/>\nEsta multifac\u00e9tica f\u00f3rmula contiene ingredientes clave dosificados con precisi\u00f3n completamente revelados en su etiqueta sin mezclas propieta- rias. Eso significa que a diferencia de algunas f\u00f3rmulas termog\u00e9nicas, con Hydroxycut Hardcore\u00ae Elite no hay suposiciones, usted sabe exactamente lo que est\u00e1 poniendo en su cuerpo en todo momento<\/p>\n","protected":false},"featured_media":2676,"comment_status":"open","ping_status":"closed","template":"","meta":{"_joinchat":[]},"product_brand":[],"product_cat":[2448],"product_tag":[458,27,58,59,24258,31,462,62,63,54],"class_list":{"0":"post-307","1":"product","2":"type-product","3":"status-publish","4":"has-post-thumbnail","6":"product_cat-quemadores","7":"product_tag-gat","8":"product_tag-gph-nutrition","9":"product_tag-gph-pharmaceuticals","10":"product_tag-mexico","11":"product_tag-muscle-tech-hydroxycut-harcore-elite-100-caps","12":"product_tag-mutant","13":"product_tag-on-nutrition","14":"product_tag-suplementos-guadalajara","15":"product_tag-venta","16":"product_tag-vidafitstore","18":"first","19":"instock","20":"shipping-taxable","21":"purchasable","22":"product-type-simple"},"_links":{"self":[{"href":"https:\/\/proviron.com.mx\/index.php\/wp-json\/wp\/v2\/product\/307","targetHints":{"allow":["GET"]}}],"collection":[{"href":"https:\/\/proviron.com.mx\/index.php\/wp-json\/wp\/v2\/product"}],"about":[{"href":"https:\/\/proviron.com.mx\/index.php\/wp-json\/wp\/v2\/types\/product"}],"replies":[{"embeddable":true,"href":"https:\/\/proviron.com.mx\/index.php\/wp-json\/wp\/v2\/comments?post=307"}],"wp:featuredmedia":[{"embeddable":true,"href":"https:\/\/proviron.com.mx\/index.php\/wp-json\/wp\/v2\/media\/2676"}],"wp:attachment":[{"href":"https:\/\/proviron.com.mx\/index.php\/wp-json\/wp\/v2\/media?parent=307"}],"wp:term":[{"taxonomy":"product_brand","embeddable":true,"href":"https:\/\/proviron.com.mx\/index.php\/wp-json\/wp\/v2\/product_brand?post=307"},{"taxonomy":"product_cat","embeddable":true,"href":"https:\/\/proviron.com.mx\/index.php\/wp-json\/wp\/v2\/product_cat?post=307"},{"taxonomy":"product_tag","embeddable":true,"href":"https:\/\/proviron.com.mx\/index.php\/wp-json\/wp\/v2\/product_tag?post=307"}],"curies":[{"name":"wp","href":"https:\/\/api.w.org\/{rel}","templated":true}]}}