{"id":333,"date":"2022-06-12T21:44:32","date_gmt":"2022-06-13T02:44:32","guid":{"rendered":"http:\/\/proviron.com.mx\/?post_type=product&#038;p=333"},"modified":"2025-05-09T22:19:39","modified_gmt":"2025-05-10T04:19:39","slug":"24-nutrex-lipo-6-c-120-caps-tapa-roja","status":"publish","type":"product","link":"https:\/\/proviron.com.mx\/index.php\/producto\/24-nutrex-lipo-6-c-120-caps-tapa-roja\/","title":{"rendered":"NUTREX LIPO 6 C 120 CAPS TAPA ROJA"},"content":{"rendered":"","protected":false},"excerpt":{"rendered":"<p>Una f\u00f3rmula para acelerar la p\u00e9rdida de grasas que le proporciona a Usted la energ\u00eda que necesita, con las capaci- dades de quema de grasas que est\u00e1 esperando de Lipo 6.<br \/>\nLos quemadores de grasa Nutrex Lipo 6 son una combinaci\u00f3n de compues- tos que estimulan la quema de grasas y los niveles de energ\u00eda para ayudarle a eliminar la grasa.<br \/>\nIngredientes<br \/>\nCitrus Aurantium 335 mg por dosis:<br \/>\nLipo-6 sin efedrina contiene especial- mente estandardizado Citrus Auran- tium con altos niveles de los 3 agentes beta Sinefrina, tiramina n-Metil, tirami- na, Hordenina y Octopamina para combatir la grasa. Con sus 335 mg de Citrus Aurantium por dosis, Lipo-6 sin efedrina destruyes las c\u00e9lulas de grasas abiertas y las fuerza para liberar los \u00e1cidos grasos. Adicionalmente, Citrus Aurantium ayuda a controlar su apetito y da a su metabolismo un alza significativa a trav\u00e9s de los 3 beta termog\u00e9nicos.<\/p>\n","protected":false},"featured_media":2715,"comment_status":"open","ping_status":"closed","template":"","meta":{"_joinchat":[]},"product_brand":[],"product_cat":[2448],"product_tag":[458,27,58,59,31,24271,462,62,63,54],"class_list":{"0":"post-333","1":"product","2":"type-product","3":"status-publish","4":"has-post-thumbnail","6":"product_cat-quemadores","7":"product_tag-gat","8":"product_tag-gph-nutrition","9":"product_tag-gph-pharmaceuticals","10":"product_tag-mexico","11":"product_tag-mutant","12":"product_tag-nutrex-lipo-6-c-120-caps-tapa-roja","13":"product_tag-on-nutrition","14":"product_tag-suplementos-guadalajara","15":"product_tag-venta","16":"product_tag-vidafitstore","18":"first","19":"outofstock","20":"shipping-taxable","21":"purchasable","22":"product-type-simple"},"_links":{"self":[{"href":"https:\/\/proviron.com.mx\/index.php\/wp-json\/wp\/v2\/product\/333","targetHints":{"allow":["GET"]}}],"collection":[{"href":"https:\/\/proviron.com.mx\/index.php\/wp-json\/wp\/v2\/product"}],"about":[{"href":"https:\/\/proviron.com.mx\/index.php\/wp-json\/wp\/v2\/types\/product"}],"replies":[{"embeddable":true,"href":"https:\/\/proviron.com.mx\/index.php\/wp-json\/wp\/v2\/comments?post=333"}],"wp:featuredmedia":[{"embeddable":true,"href":"https:\/\/proviron.com.mx\/index.php\/wp-json\/wp\/v2\/media\/2715"}],"wp:attachment":[{"href":"https:\/\/proviron.com.mx\/index.php\/wp-json\/wp\/v2\/media?parent=333"}],"wp:term":[{"taxonomy":"product_brand","embeddable":true,"href":"https:\/\/proviron.com.mx\/index.php\/wp-json\/wp\/v2\/product_brand?post=333"},{"taxonomy":"product_cat","embeddable":true,"href":"https:\/\/proviron.com.mx\/index.php\/wp-json\/wp\/v2\/product_cat?post=333"},{"taxonomy":"product_tag","embeddable":true,"href":"https:\/\/proviron.com.mx\/index.php\/wp-json\/wp\/v2\/product_tag?post=333"}],"curies":[{"name":"wp","href":"https:\/\/api.w.org\/{rel}","templated":true}]}}