{"id":702,"date":"2022-06-13T10:39:28","date_gmt":"2022-06-13T15:39:28","guid":{"rendered":"http:\/\/proviron.com.mx\/?post_type=product&#038;p=702"},"modified":"2025-05-09T22:24:18","modified_gmt":"2025-05-10T04:24:18","slug":"oxymetholone","status":"publish","type":"product","link":"https:\/\/proviron.com.mx\/index.php\/producto\/oxymetholone\/","title":{"rendered":"Oxymetholone 50mg 80 tabs Bangkok"},"content":{"rendered":"","protected":false},"excerpt":{"rendered":"<p>Oxymetholone 50mg 80 tabs Bangkok<\/p>\n<p>Es muy eficaz para promover el aumento del peso corporal. Funciona aumentando el apetito y el n\u00famero de gl\u00f3bulos rojos, esto ayuda al cuerpo a absorber m\u00e1s ox\u00edgeno y transportarlo a los m\u00fasculos, aumentando as\u00ed la nutrici\u00f3n de tejidos y provocando el aumento de peso.<br \/>\nAROMATIZA: Si<br \/>\nPRESENTACI\u00d3N: 60 Tabletas \/ 50mg MADE IN: Thailandia ADMINISTRACI\u00d3N: Oral Tabletas<\/p>\n","protected":false},"featured_media":2840,"comment_status":"open","ping_status":"closed","template":"","meta":{"_joinchat":[]},"product_brand":[],"product_cat":[2507],"product_tag":[2524,11036,11037,6741,5896,5897,527,1968,17418,8249,24362,17557,63,54],"class_list":{"0":"post-702","1":"product","2":"type-product","3":"status-publish","4":"has-post-thumbnail","6":"product_cat-esteroides-anabolicos","7":"product_tag-anabolicos","8":"product_tag-anadrol","9":"product_tag-anapolon","10":"product_tag-bangkok","11":"product_tag-esteroides","12":"product_tag-esteroides-anabolicos-venta","13":"product_tag-geropharm","14":"product_tag-guadalajara","15":"product_tag-oxydrol","16":"product_tag-oxymetholone","17":"product_tag-oxymetholone-50mg-80-tabs-bangkok","18":"product_tag-oxymetolona","19":"product_tag-venta","20":"product_tag-vidafitstore","22":"first","23":"instock","24":"shipping-taxable","25":"purchasable","26":"product-type-simple"},"_links":{"self":[{"href":"https:\/\/proviron.com.mx\/index.php\/wp-json\/wp\/v2\/product\/702","targetHints":{"allow":["GET"]}}],"collection":[{"href":"https:\/\/proviron.com.mx\/index.php\/wp-json\/wp\/v2\/product"}],"about":[{"href":"https:\/\/proviron.com.mx\/index.php\/wp-json\/wp\/v2\/types\/product"}],"replies":[{"embeddable":true,"href":"https:\/\/proviron.com.mx\/index.php\/wp-json\/wp\/v2\/comments?post=702"}],"wp:featuredmedia":[{"embeddable":true,"href":"https:\/\/proviron.com.mx\/index.php\/wp-json\/wp\/v2\/media\/2840"}],"wp:attachment":[{"href":"https:\/\/proviron.com.mx\/index.php\/wp-json\/wp\/v2\/media?parent=702"}],"wp:term":[{"taxonomy":"product_brand","embeddable":true,"href":"https:\/\/proviron.com.mx\/index.php\/wp-json\/wp\/v2\/product_brand?post=702"},{"taxonomy":"product_cat","embeddable":true,"href":"https:\/\/proviron.com.mx\/index.php\/wp-json\/wp\/v2\/product_cat?post=702"},{"taxonomy":"product_tag","embeddable":true,"href":"https:\/\/proviron.com.mx\/index.php\/wp-json\/wp\/v2\/product_tag?post=702"}],"curies":[{"name":"wp","href":"https:\/\/api.w.org\/{rel}","templated":true}]}}