{"id":722,"date":"2022-06-13T10:39:31","date_gmt":"2022-06-13T15:39:31","guid":{"rendered":"http:\/\/proviron.com.mx\/?post_type=product&#038;p=722"},"modified":"2025-05-09T22:26:26","modified_gmt":"2025-05-10T04:26:26","slug":"oxananabol","status":"publish","type":"product","link":"https:\/\/proviron.com.mx\/index.php\/producto\/oxananabol\/","title":{"rendered":"Oxandrolona British Dragon"},"content":{"rendered":"<p class=\"p1\"><span class=\"s1\"><span class=\"Apple-converted-space\">Oxandrolona \/Oxanabol \/<\/span><\/span>Anavar<\/p>\n<p class=\"p1\">DESCRIPCI\u00d3N: Este esteroide es conocido como un buen agente promotor de fuerza y ganancias con calidad muscular, com\u00fanmente usado para ciclos de definici\u00f3n por su poca retenci\u00f3n h\u00eddrica<\/p>\n<p class=\"p1\">AROMATIZA: No<\/p>\n<p class=\"p1\">PRESENTACI\u00d3N: 100 Tabletas \/ 10mg<span class=\"Apple-converted-space\">\u00a0<\/span><\/p>\n<p class=\"p1\">MADE IN: Thailandia<span class=\"Apple-converted-space\">\u00a0<\/span><\/p>\n<p class=\"p1\">ADMINISTRACI\u00d3N: Oral Tabletas<span class=\"s2\"> <span class=\"Apple-converted-space\">\u00a0<\/span><\/span><\/p>\n<p><a href=\"http:\/\/proviron.com.mx\/wp-content\/uploads\/2022\/06\/BRITISH-DRAGON-1.docx\">BRITISH DRAGON<\/a><\/p>\n<div id=\"attachment_1957\" style=\"width: 310px\" class=\"wp-caption alignnone\"><img fetchpriority=\"high\" decoding=\"async\" aria-describedby=\"caption-attachment-1957\" src=\"http:\/\/proviron.com.mx\/wp-content\/uploads\/2022\/06\/17-BRITISH-OXANABOL-TABLETAS-1-300x300.png\" alt=\"oxandrolona british dragonn\" width=\"300\" height=\"300\" class=\"size-medium wp-image-1957\" \/><p id=\"caption-attachment-1957\" class=\"wp-caption-text\">oxandrolona british dragon<\/p><\/div>\n<p><a href=\"http:\/\/vidafitstore.com\" target=\"_blank\" rel=\"noopener\"><b>http:\/\/suplementosguadalajara.<\/b><\/a><a href=\"http:\/\/britishdragon.com.mx\" target=\"_blank\" rel=\"noopener\"><b>com.mx<\/b><\/a> <a href=\"http:\/\/britishdragon.com.mx\" target=\"_blank\" rel=\"noopener\"><b>\u00a0http:\/\/britishdragon.com.mx<\/b><\/a><\/p>\n","protected":false},"excerpt":{"rendered":"<p class=\"p1\"><span class=\"s1\"><span class=\"Apple-converted-space\">Oxandrolona \/Oxanabol \/<\/span><\/span>Anavar<\/p>\n<p class=\"p1\">DESCRIPCI\u00d3N: Este esteroide es conocido como un buen agente promotor de fuerza y ganancias con calidad muscular, com\u00fanmente usado para ciclos de definici\u00f3n por su poca retenci\u00f3n h\u00eddrica<\/p>\n<p class=\"p1\">AROMATIZA: No<\/p>\n<p class=\"p1\">PRESENTACI\u00d3N: 100 Tabletas \/ 10mg<\/p>\n<p class=\"p1\">MADE IN: Thailandia<\/p>\n<p class=\"p1\">ADMINISTRACI\u00d3N: Oral Tabletas<span class=\"s2\">\u00a0<\/span><\/p>\n","protected":false},"featured_media":2867,"comment_status":"open","ping_status":"closed","template":"","meta":{"_joinchat":[]},"product_brand":[],"product_cat":[2507],"product_tag":[9769,9770,9771,9772,9773,9774,9775,9776,9777,9778,9779,9780,9781,9782,2544,5861,9783,9784,9785,9786,9787,9788,9789,9790,9791,9792,9793,9794,9795,9796,9797,9798,9799,9800,9801,9802,9803,9804,9805,9806,9807,9808,9809,9810,9811,9812,2711,527,58,3211,1968,59,17167,24390,19544,3345,19545,19546,9822,9829,19547,9837,9838,9843,19548,19549,19550,9845,9852,9854,19551,9868,9869,9871,19552,9882,9883,9893,9895,9896,9897,19553,8248,9900,23332,3425,19554,3426,63,9902,9903,9904,9905,9906,9907,9908,9909,9910,9911,9912,9913,9914,9915,9916,9917,9918,9919,9920,9921,9922,9923,9924,9925,9926,9927,9928,9929,9930,9931,9932,9933,9934,9935,9936,9937,9938,9939,9940,9941,9942,9943,9944,9945,9946,9947,561,562,563,564,565,9948,9949,19602,9950,19603,19604,19605,9951,9952,9953,9954,9955,9956,9957,9958,9959,19606,9960,19607,19608,19609,19610,19611,19612,19613,19614,19615,19616,19617,19618,19619,19620,19621,19622,19623,19624,19625,19626,19627,19628,19629,19630,19631,19632,9961,19633,19634,19635,19636,19637,19638,19639,19640,19641,19642,19643,19644,19645,19646,19647,19648,19649,19650,19651,19652,9962,9963,9964,9965,4295,9966,9967,9968,19653,19654,19655,9969,9970,9971,4296,9972,9973,4297,9974,9975,9976,9977,19656,9978,9979,9980,19657,9981,9982,9983,9984,9985,9986,9987,9988,9989,9990,9991,19658,9992,9993,4326,4327,4328,1417,423,54,1419],"class_list":{"0":"post-722","1":"product","2":"type-product","3":"status-publish","4":"has-post-thumbnail","6":"product_cat-esteroides-anabolicos","7":"product_tag-anavar-en-cancun","8":"product_tag-anavar-en-ciudad-de-mexico","9":"product_tag-anavar-en-estados-unidos","10":"product_tag-anavar-en-guadalajara","11":"product_tag-anavar-en-jalisco","12":"product_tag-anavar-en-los-angeles","13":"product_tag-anavar-en-mexico","14":"product_tag-anavar-en-monterrey","15":"product_tag-anavar-en-puerto-rico","16":"product_tag-anavar-en-puerto-vallarta","17":"product_tag-anavar-en-quintana-roo","18":"product_tag-anavar-en-texas","19":"product_tag-anavar-en-tijuana","20":"product_tag-anavar-en-yucatan","21":"product_tag-anavar-oxandrolona","22":"product_tag-british-dragon","23":"product_tag-compra-anavar-en-puerto-rico","24":"product_tag-compra-en-anavar-estados-unidos","25":"product_tag-compra-oxandrolona-en-estados-unidos","26":"product_tag-compra-oxandrolona-en-puerto-rico","27":"product_tag-comprar-anavar-en-cancun","28":"product_tag-comprar-anavar-en-ciudad-de-mexico","29":"product_tag-comprar-anavar-en-jalisco","30":"product_tag-comprar-anavar-en-los-anageles","31":"product_tag-comprar-anavar-en-miami","32":"product_tag-comprar-anavar-en-puebla","33":"product_tag-comprar-anavar-en-puerto-vallarta","34":"product_tag-comprar-anavar-en-quintana-roo","35":"product_tag-comprar-anavar-en-texas","36":"product_tag-comprar-anavar-en-tijuana","37":"product_tag-comprar-anavar-en-yucatan","38":"product_tag-comprar-anavar-en-zapopan","39":"product_tag-comprar-anavar-monterrey","40":"product_tag-comprar-en-oxandrolona-tijuana","41":"product_tag-comprar-oxandrolona-en-cancun","42":"product_tag-comprar-oxandrolona-en-ciudad-de-mexico","43":"product_tag-comprar-oxandrolona-en-jalisco","44":"product_tag-comprar-oxandrolona-en-los-anageles","45":"product_tag-comprar-oxandrolona-en-miami","46":"product_tag-comprar-oxandrolona-en-puebla","47":"product_tag-comprar-oxandrolona-en-puerto-vallarta","48":"product_tag-comprar-oxandrolona-en-quintana-roo","49":"product_tag-comprar-oxandrolona-en-texas","50":"product_tag-comprar-oxandrolona-en-yucatan","51":"product_tag-comprar-oxandrolona-en-zapopan","52":"product_tag-comprar-oxandrolona-monterrey","53":"product_tag-en-zapopan","54":"product_tag-geropharm","55":"product_tag-gph-pharmaceuticals","56":"product_tag-gph-sarms-pharmaceuticals","57":"product_tag-guadalajara","58":"product_tag-mexico","59":"product_tag-oxanabol","60":"product_tag-oxanabol-10mg-british-dragon","61":"product_tag-oxanabol-british-dragon","62":"product_tag-oxandrolona","63":"product_tag-oxandrolona-en-austin","64":"product_tag-oxandrolona-en-baltimore","65":"product_tag-oxandrolona-en-cancun","66":"product_tag-oxandrolona-en-ciudad-de-mexico","67":"product_tag-oxandrolona-en-detroit","68":"product_tag-oxandrolona-en-estados-unidos","69":"product_tag-oxandrolona-en-guadalajara","70":"product_tag-oxandrolona-en-jalisco","71":"product_tag-oxandrolona-en-kansas","72":"product_tag-oxandrolona-en-kentucky","73":"product_tag-oxandrolona-en-las-vegas","74":"product_tag-oxandrolona-en-los-angeles","75":"product_tag-oxandrolona-en-mexico","76":"product_tag-oxandrolona-en-monterrey","77":"product_tag-oxandrolona-en-oklahoma","78":"product_tag-oxandrolona-en-puerto-rico","79":"product_tag-oxandrolona-en-puerto-vallarta","80":"product_tag-oxandrolona-en-quintana-roo","81":"product_tag-oxandrolona-en-reno","82":"product_tag-oxandrolona-en-texas","83":"product_tag-oxandrolona-en-tijuana","84":"product_tag-oxandrolona-en-yucatan","85":"product_tag-oxandrolona-en-zapopan","86":"product_tag-oxandrolona-geropharm","87":"product_tag-oxandrolona-gph-pharmaceuticals","88":"product_tag-oxandrolona-xt-labs","89":"product_tag-oxandrolone","90":"product_tag-oxandroplex-xt-labs","91":"product_tag-suplementosguadalajara-com-mx","92":"product_tag-sarms-geropharm","93":"product_tag-sarms-oxandrolona-en-british-dragon","94":"product_tag-sarms-xt-labs","95":"product_tag-venta","96":"product_tag-venta-anavar-acapulco","97":"product_tag-venta-anavar-apatzingan","98":"product_tag-venta-anavar-baja-california","99":"product_tag-venta-anavar-california","100":"product_tag-venta-anavar-cancun","101":"product_tag-venta-anavar-chiapas","102":"product_tag-venta-anavar-chicago","103":"product_tag-venta-anavar-chihuahua","104":"product_tag-venta-anavar-ciudad-de-mexico","105":"product_tag-venta-anavar-colima","106":"product_tag-venta-anavar-cuernavaca","107":"product_tag-venta-anavar-culiacan","108":"product_tag-venta-anavar-distrito-federal","109":"product_tag-venta-anavar-en-nuevo-leon","110":"product_tag-venta-anavar-estado-de-mexico","111":"product_tag-venta-anavar-estados-unidos","112":"product_tag-venta-anavar-guadalajara","113":"product_tag-venta-anavar-guanajuato","114":"product_tag-venta-anavar-guerrero","115":"product_tag-venta-anavar-jalisco","116":"product_tag-venta-anavar-los-angeles","117":"product_tag-venta-anavar-manzanillo","118":"product_tag-venta-anavar-mexicali","119":"product_tag-venta-anavar-mexico","120":"product_tag-venta-anavar-miami","121":"product_tag-venta-anavar-michoacan","122":"product_tag-venta-anavar-monterrey","123":"product_tag-venta-anavar-morelos","124":"product_tag-venta-anavar-new-york","125":"product_tag-venta-anavar-nuevo-laredo","126":"product_tag-venta-anavar-oaxaca","127":"product_tag-venta-anavar-playa-del-carmen","128":"product_tag-venta-anavar-polanco","129":"product_tag-venta-anavar-puerto-rico","130":"product_tag-venta-anavar-san-luis-potosi","131":"product_tag-venta-anavar-sinaloa","132":"product_tag-venta-anavar-sonora","133":"product_tag-venta-anavar-tabasco","134":"product_tag-venta-anavar-tamaulipas","135":"product_tag-venta-anavar-texas","136":"product_tag-venta-anavar-tijuana","137":"product_tag-venta-anavar-tlaxcala","138":"product_tag-venta-anavar-toluca","139":"product_tag-venta-anavar-usa","140":"product_tag-venta-anavar-veracruz","141":"product_tag-venta-anavar-yucatan","142":"product_tag-venta-esteroides-anabolicos-ciudad-de-mexico","143":"product_tag-venta-esteroides-anabolicos-guadalajara","144":"product_tag-venta-esteroides-anabolicos-monterrey","145":"product_tag-venta-geropharm","146":"product_tag-venta-gph-pharmaceuticals","147":"product_tag-venta-oxandrolona-acapulco","148":"product_tag-venta-oxandrolona-apatzingan","149":"product_tag-venta-oxandrolona-austin","150":"product_tag-venta-oxandrolona-baja-california","151":"product_tag-venta-oxandrolona-baltimore","152":"product_tag-venta-oxandrolona-bd","153":"product_tag-venta-oxandrolona-british-dragon","154":"product_tag-venta-oxandrolona-california","155":"product_tag-venta-oxandrolona-cancun","156":"product_tag-venta-oxandrolona-chiapas","157":"product_tag-venta-oxandrolona-chicago","158":"product_tag-venta-oxandrolona-chihuahua","159":"product_tag-venta-oxandrolona-ciudad-de-mexico","160":"product_tag-venta-oxandrolona-colima","161":"product_tag-venta-oxandrolona-cuernavaca","162":"product_tag-venta-oxandrolona-culiacan","163":"product_tag-venta-oxandrolona-detroit","164":"product_tag-venta-oxandrolona-distrito-federal","165":"product_tag-venta-oxandrolona-en-acapulco","166":"product_tag-venta-oxandrolona-en-apatzingan","167":"product_tag-venta-oxandrolona-en-atlacomulco","168":"product_tag-venta-oxandrolona-en-baja-california","169":"product_tag-venta-oxandrolona-en-california","170":"product_tag-venta-oxandrolona-en-cancun","171":"product_tag-venta-oxandrolona-en-chiapas","172":"product_tag-venta-oxandrolona-en-chicago","173":"product_tag-venta-oxandrolona-en-chihuahua","174":"product_tag-venta-oxandrolona-en-colima","175":"product_tag-venta-oxandrolona-en-cuernavaca","176":"product_tag-venta-oxandrolona-en-culiacan","177":"product_tag-venta-oxandrolona-en-distrito-federal","178":"product_tag-venta-oxandrolona-en-durango","179":"product_tag-venta-oxandrolona-en-estado-de-mexico","180":"product_tag-venta-oxandrolona-en-estados-unidos","181":"product_tag-venta-oxandrolona-en-guanajuato","182":"product_tag-venta-oxandrolona-en-guerrero","183":"product_tag-venta-oxandrolona-en-los-angeles","184":"product_tag-venta-oxandrolona-en-manzanillo","185":"product_tag-venta-oxandrolona-en-mexicali","186":"product_tag-venta-oxandrolona-en-miami","187":"product_tag-venta-oxandrolona-en-michoacan","188":"product_tag-venta-oxandrolona-en-morelos","189":"product_tag-venta-oxandrolona-en-new-york","190":"product_tag-venta-oxandrolona-en-nuevo-laredo","191":"product_tag-venta-oxandrolona-en-nuevo-leon","192":"product_tag-venta-oxandrolona-en-oaxaca","193":"product_tag-venta-oxandrolona-en-playa-del-carmen","194":"product_tag-venta-oxandrolona-en-polanco","195":"product_tag-venta-oxandrolona-en-puerto-rico","196":"product_tag-venta-oxandrolona-en-queretaro","197":"product_tag-venta-oxandrolona-en-san-luis-potosi","198":"product_tag-venta-oxandrolona-en-sinaloa","199":"product_tag-venta-oxandrolona-en-sonora","200":"product_tag-venta-oxandrolona-en-tabasco","201":"product_tag-venta-oxandrolona-en-tamaulipas","202":"product_tag-venta-oxandrolona-en-texas","203":"product_tag-venta-oxandrolona-en-tijuana","204":"product_tag-venta-oxandrolona-en-tlajomulco","205":"product_tag-venta-oxandrolona-en-tlaquepaque","206":"product_tag-venta-oxandrolona-en-tlaxcala","207":"product_tag-venta-oxandrolona-en-toluca","208":"product_tag-venta-oxandrolona-en-usa","209":"product_tag-venta-oxandrolona-en-veracruz","210":"product_tag-venta-oxandrolona-en-yucatan","211":"product_tag-venta-oxandrolona-en-zacatecas","212":"product_tag-venta-oxandrolona-estado-de-mexico","213":"product_tag-venta-oxandrolona-estados-unidos","214":"product_tag-venta-oxandrolona-geropharm","215":"product_tag-venta-oxandrolona-gph-pharmaceuticals","216":"product_tag-venta-oxandrolona-guadalajara","217":"product_tag-venta-oxandrolona-guanajuato","218":"product_tag-venta-oxandrolona-guerrero","219":"product_tag-venta-oxandrolona-jalisco","220":"product_tag-venta-oxandrolona-kansas","221":"product_tag-venta-oxandrolona-kentucky","222":"product_tag-venta-oxandrolona-las-vegas","223":"product_tag-venta-oxandrolona-los-angeles","224":"product_tag-venta-oxandrolona-manzanillo","225":"product_tag-venta-oxandrolona-mexicali","226":"product_tag-venta-oxandrolona-mexico","227":"product_tag-venta-oxandrolona-miami","228":"product_tag-venta-oxandrolona-michoacan","229":"product_tag-venta-oxandrolona-monterrey","230":"product_tag-venta-oxandrolona-morelos","231":"product_tag-venta-oxandrolona-new-york","232":"product_tag-venta-oxandrolona-nuevo-laredo","233":"product_tag-venta-oxandrolona-oaxaca","234":"product_tag-venta-oxandrolona-oklahoma","235":"product_tag-venta-oxandrolona-playa-del-carmen","236":"product_tag-venta-oxandrolona-polanco","237":"product_tag-venta-oxandrolona-puerto-rico","238":"product_tag-venta-oxandrolona-reno","239":"product_tag-venta-oxandrolona-san-luis-potosi","240":"product_tag-venta-oxandrolona-sinaloa","241":"product_tag-venta-oxandrolona-sonora","242":"product_tag-venta-oxandrolona-tabasco","243":"product_tag-venta-oxandrolona-tamaulipas","244":"product_tag-venta-oxandrolona-texas","245":"product_tag-venta-oxandrolona-tijuana","246":"product_tag-venta-oxandrolona-tlaxcala","247":"product_tag-venta-oxandrolona-toluca","248":"product_tag-venta-oxandrolona-usa","249":"product_tag-venta-oxandrolona-veracruz","250":"product_tag-venta-oxandrolona-xt-labs","251":"product_tag-venta-oxandrolona-yucatan","252":"product_tag-venta-oxnadroplex-xt-labs","253":"product_tag-venta-sarms-geropharm","254":"product_tag-venta-sarms-gph-pharmaceuticals","255":"product_tag-venta-sarms-xt-labs","256":"product_tag-venta-xt-labs","257":"product_tag-ventaesteroides-com","258":"product_tag-vidafitstore","259":"product_tag-xt-labs","261":"first","262":"instock","263":"shipping-taxable","264":"purchasable","265":"product-type-simple"},"_links":{"self":[{"href":"https:\/\/proviron.com.mx\/index.php\/wp-json\/wp\/v2\/product\/722","targetHints":{"allow":["GET"]}}],"collection":[{"href":"https:\/\/proviron.com.mx\/index.php\/wp-json\/wp\/v2\/product"}],"about":[{"href":"https:\/\/proviron.com.mx\/index.php\/wp-json\/wp\/v2\/types\/product"}],"replies":[{"embeddable":true,"href":"https:\/\/proviron.com.mx\/index.php\/wp-json\/wp\/v2\/comments?post=722"}],"wp:featuredmedia":[{"embeddable":true,"href":"https:\/\/proviron.com.mx\/index.php\/wp-json\/wp\/v2\/media\/2867"}],"wp:attachment":[{"href":"https:\/\/proviron.com.mx\/index.php\/wp-json\/wp\/v2\/media?parent=722"}],"wp:term":[{"taxonomy":"product_brand","embeddable":true,"href":"https:\/\/proviron.com.mx\/index.php\/wp-json\/wp\/v2\/product_brand?post=722"},{"taxonomy":"product_cat","embeddable":true,"href":"https:\/\/proviron.com.mx\/index.php\/wp-json\/wp\/v2\/product_cat?post=722"},{"taxonomy":"product_tag","embeddable":true,"href":"https:\/\/proviron.com.mx\/index.php\/wp-json\/wp\/v2\/product_tag?post=722"}],"curies":[{"name":"wp","href":"https:\/\/api.w.org\/{rel}","templated":true}]}}